{"id":971,"date":"2023-03-08T17:25:28","date_gmt":"2023-03-08T17:25:28","guid":{"rendered":"https:\/\/ciaobella.com.pl\/?post_type=product&#038;p=971"},"modified":"2025-06-13T11:38:14","modified_gmt":"2025-06-13T11:38:14","slug":"szorty-paris-red-2","status":"publish","type":"product","link":"https:\/\/ciaobella.com.pl\/index.php\/product\/szorty-paris-red-2\/","title":{"rendered":"szorty Paris RED"},"content":{"rendered":"<div>Szorty z wysokim stanem to idealne uzupe\u0142nienie Twojej garderoby i baza do stylizacji na ka\u017cd\u0105 por\u0119 roku! Czerwone szorty Paris s\u0105 nie tylko wygodne, ale r\u00f3wnie\u017c dodaj\u0105 charakteru ka\u017cdej stylizacji. Z<span class=\"gwp4e4ad029_highlight\"><span class=\"gwp4e4ad029_colour\"><span class=\"gwp4e4ad029_font\"><span class=\"gwp4e4ad029_size\">\u0142otymi guziki nadaj\u0105 szortom jeszcze bardziej luksusowy wygl\u0105d.<span class=\"gwp4e4ad029_Apple-converted-space\">\u00a0<\/span><\/span><\/span><\/span><\/span>Dodatkowo, szorty z wysokim stanem s\u0105 idealne do noszenia zar\u00f3wno na co dzie\u0144, jak i na specjalne okazje. <span class=\"gwp4e4ad029_highlight\"><span class=\"gwp4e4ad029_colour\"><span class=\"gwp4e4ad029_font\"><span class=\"gwp4e4ad029_size\">Szorty z wysokim stanem pozwalaj\u0105 optycznie wyd\u0142u\u017cy\u0107 sylwetk\u0119 i doda\u0107 jej smuk\u0142o\u015bci.<span class=\"gwp4e4ad029_Apple-converted-space\">\u00a0<\/span>Mo\u017cna je \u0142atwo dopasowa\u0107 do ka\u017cdego stylu &#8211; od lu\u017anych, sportowych po eleganckie. <\/span><\/span><\/span><\/span><\/div>\n<div><span class=\"gwp4e4ad029_colour\"><span class=\"gwp4e4ad029_font\"><span class=\"gwp4e4ad029_size\">Szorty z wysokim stanem z kieszeniami wykonywane s\u0105 na cienkiej podszewce co umo\u017cliwia noszenie ich przez 365 dni w roku: latem do sanda\u0142\u00f3w klapek czy sneakersow czy te\u017c jesieni\u0105 i zim\u0105 po\u0142\u0105czeniu z rajstopami i ci\u0119\u017cszymi butami, spodenki zasuwane s\u0105 na kryty zamek b\u0142yskawiczny umieszczony z ty\u0142u.\u00a0<\/span><\/span><\/span><span class=\"gwp4e4ad029_highlight\"><span class=\"gwp4e4ad029_colour\"><span class=\"gwp4e4ad029_font\"><span class=\"gwp4e4ad029_size\">Szorty z wysokim stanem Paris s\u0105 must-have tego sezonu. Je\u015bli szukasz czego\u015b, co sprawi, \u017ce b\u0119dziesz czu\u0142a si\u0119 pewna siebie i modnie ubrana, nasze czerwone szorty z wysokim stanem s\u0105 idealnym rozwi\u0105zaniem dla Ciebie.<\/span><\/span><\/span><\/span><\/div>\n<div>\n<div><\/div>\n<div><span class=\"gwp4e4ad029_colour\"><span class=\"gwp4e4ad029_font\"><span class=\"gwp4e4ad029_size\">Szorty Paris wyst\u0119puj\u0105 w trzech kolorach: czarnym, bia\u0142ym i czerwonym.<\/span><\/span><\/span><\/div>\n<\/div>\n<div>\n<div><\/div>\n<\/div>\n<div><span class=\"gwp4e4ad029_colour\"><span class=\"gwp4e4ad029_font\"><span class=\"gwp4e4ad029_size\">Sk\u0142ad: 88% poliester, 5% elastan, 7% bawe\u0142na<\/span><\/span><\/span><\/div>\n<p><span class=\"gwp4e4ad029_colour\"><span class=\"gwp4e4ad029_font\"><span class=\"gwp4e4ad029_size\">Nasza ubrania powstaj\u0105 z dba\u0142o\u015bci\u0105 o ka\u017cdy szczeg\u00f3\u0142, rekomendujemy pranie r\u0119czne.<\/span><\/span><\/span><\/p>\n<div><img fetchpriority=\"high\" decoding=\"async\" class=\"alignnone wp-image-2363 size-full\" src=\"https:\/\/ciaobella.com.pl\/wp-content\/uploads\/2023\/03\/szorty-PARIS-RED.jpg\" alt=\"\" width=\"1000\" height=\"500\" srcset=\"https:\/\/ciaobella.com.pl\/wp-content\/uploads\/2023\/03\/szorty-PARIS-RED.jpg 1000w, https:\/\/ciaobella.com.pl\/wp-content\/uploads\/2023\/03\/szorty-PARIS-RED-600x300.jpg 600w, https:\/\/ciaobella.com.pl\/wp-content\/uploads\/2023\/03\/szorty-PARIS-RED-300x150.jpg 300w, https:\/\/ciaobella.com.pl\/wp-content\/uploads\/2023\/03\/szorty-PARIS-RED-768x384.jpg 768w\" sizes=\"(max-width: 1000px) 100vw, 1000px\" \/><\/div>\n","protected":false},"excerpt":{"rendered":"<p>Szorty z wysokim stanem z kieszeniami wykonywane s\u0105 na cienkiej podszewce co umo\u017cliwia noszenie ich przez 365 dni w roku: latem do sanda\u0142\u00f3w klapek czy sneakersow czy te\u017c jesieni\u0105 i zim\u0105 po\u0142\u0105czeniu z rajstopami i ci\u0119\u017cszymi butami typu worker bootsy, kozaki czy botki. Szorty zasuwane s\u0105 na kryty zamek b\u0142yskawiczny umieszczony z ty\u0142u. Szorty z kolekcji Paris idealnie sprawdz\u0105 si\u0119 w po\u0142\u0105czeniu z dowoln\u0105 marynarka z tej samej kolekcji lub osobno wed\u0142ug waszego upodobania.<\/p>\n","protected":false},"featured_media":3410,"comment_status":"open","ping_status":"closed","template":"","meta":{"_monsterinsights_skip_tracking":false,"_monsterinsights_sitenote_active":false,"_monsterinsights_sitenote_note":"","_monsterinsights_sitenote_category":0},"product_brand":[],"product_cat":[77,29],"product_tag":[],"class_list":{"0":"post-971","1":"product","2":"type-product","3":"status-publish","4":"has-post-thumbnail","6":"product_cat-sale","7":"product_cat-szorty","9":"first","10":"instock","11":"shipping-taxable","12":"purchasable","13":"product-type-variable"},"_links":{"self":[{"href":"https:\/\/ciaobella.com.pl\/index.php\/wp-json\/wp\/v2\/product\/971","targetHints":{"allow":["GET"]}}],"collection":[{"href":"https:\/\/ciaobella.com.pl\/index.php\/wp-json\/wp\/v2\/product"}],"about":[{"href":"https:\/\/ciaobella.com.pl\/index.php\/wp-json\/wp\/v2\/types\/product"}],"replies":[{"embeddable":true,"href":"https:\/\/ciaobella.com.pl\/index.php\/wp-json\/wp\/v2\/comments?post=971"}],"version-history":[{"count":4,"href":"https:\/\/ciaobella.com.pl\/index.php\/wp-json\/wp\/v2\/product\/971\/revisions"}],"predecessor-version":[{"id":3416,"href":"https:\/\/ciaobella.com.pl\/index.php\/wp-json\/wp\/v2\/product\/971\/revisions\/3416"}],"wp:featuredmedia":[{"embeddable":true,"href":"https:\/\/ciaobella.com.pl\/index.php\/wp-json\/wp\/v2\/media\/3410"}],"wp:attachment":[{"href":"https:\/\/ciaobella.com.pl\/index.php\/wp-json\/wp\/v2\/media?parent=971"}],"wp:term":[{"taxonomy":"product_brand","embeddable":true,"href":"https:\/\/ciaobella.com.pl\/index.php\/wp-json\/wp\/v2\/product_brand?post=971"},{"taxonomy":"product_cat","embeddable":true,"href":"https:\/\/ciaobella.com.pl\/index.php\/wp-json\/wp\/v2\/product_cat?post=971"},{"taxonomy":"product_tag","embeddable":true,"href":"https:\/\/ciaobella.com.pl\/index.php\/wp-json\/wp\/v2\/product_tag?post=971"}],"curies":[{"name":"wp","href":"https:\/\/api.w.org\/{rel}","templated":true}]}}