{"id":3905,"date":"2025-06-24T11:44:21","date_gmt":"2025-06-24T11:44:21","guid":{"rendered":"https:\/\/ciaobella.com.pl\/?post_type=product&#038;p=3905"},"modified":"2025-09-08T08:41:07","modified_gmt":"2025-09-08T08:41:07","slug":"czapka-i-want-magic-z-regulowanym-rozmiarem","status":"publish","type":"product","link":"https:\/\/ciaobella.com.pl\/index.php\/product\/czapka-i-want-magic-z-regulowanym-rozmiarem\/","title":{"rendered":"Czapka I Want Magic z regulowanym rozmiarem"},"content":{"rendered":"<p>Czapka z daszkiem <b>\u201cI WANT MAGIC\u201d<\/b><\/p>\n<p>Szukasz stylowego dodatku z nut\u0105 humoru? Nasza czarna czapka z daszkiem to idealny wyb\u00f3r! Klasyczny fason i uniwersalny kolor sprawiaj\u0105, \u017ce pasuje do ka\u017cdej stylizacji \u2013 od casualowych po eleganckie z nut\u0105 nonszalancji.<\/p>\n<p><b>Haftowany napis:<\/b> \u201cF* NORMAL I WANT MAGIC\u201d \u2013 zabawny i pewny siebie akcent.<\/p>\n<p><b>Regulowane zapi\u0119cie:<\/b> Idealne dopasowanie dla ka\u017cdego.<\/p>\n<p><b>Wysoka jako\u015b\u0107 materia\u0142u:<\/b> Komfort noszenia przez ca\u0142y dzie\u0144.<\/p>\n<p>Dodaj do swojej garderoby odrobin\u0119 stylu i poczucia humoru!<\/p>\n<p><img fetchpriority=\"high\" decoding=\"async\" class=\"alignnone  wp-image-3984\" src=\"https:\/\/ciaobella.com.pl\/wp-content\/uploads\/2025\/06\/Czapka-300x150.png\" alt=\"\" width=\"566\" height=\"283\" srcset=\"https:\/\/ciaobella.com.pl\/wp-content\/uploads\/2025\/06\/Czapka-300x150.png 300w, https:\/\/ciaobella.com.pl\/wp-content\/uploads\/2025\/06\/Czapka-768x384.png 768w, https:\/\/ciaobella.com.pl\/wp-content\/uploads\/2025\/06\/Czapka-600x300.png 600w, https:\/\/ciaobella.com.pl\/wp-content\/uploads\/2025\/06\/Czapka.png 1000w\" sizes=\"(max-width: 566px) 100vw, 566px\" \/><\/p>\n","protected":false},"excerpt":{"rendered":"<p>Czapka z daszkiem \u201cI WANT MAGIC\u201d Szukasz stylowego dodatku z nut\u0105 humoru? Nasza czarna czapka z daszkiem to idealny wyb\u00f3r! Klasyczny fason i uniwersalny kolor sprawiaj\u0105, \u017ce pasuje do ka\u017cdej stylizacji \u2013 od casualowych po eleganckie z nut\u0105 nonszalancji. Haftowany napis: \u201cF* NORMAL I WANT MAGIC\u201d \u2013 zabawny i pewny siebie akcent. Regulowane zapi\u0119cie: Idealne [&hellip;]<\/p>\n","protected":false},"featured_media":3909,"comment_status":"open","ping_status":"closed","template":"","meta":{"_monsterinsights_skip_tracking":false,"_monsterinsights_sitenote_active":false,"_monsterinsights_sitenote_note":"","_monsterinsights_sitenote_category":0},"product_brand":[],"product_cat":[76,52],"product_tag":[],"class_list":{"0":"post-3905","1":"product","2":"type-product","3":"status-publish","4":"has-post-thumbnail","6":"product_cat-akcesoria","7":"product_cat-nowosci","9":"first","10":"instock","11":"shipping-taxable","12":"purchasable","13":"product-type-simple"},"_links":{"self":[{"href":"https:\/\/ciaobella.com.pl\/index.php\/wp-json\/wp\/v2\/product\/3905","targetHints":{"allow":["GET"]}}],"collection":[{"href":"https:\/\/ciaobella.com.pl\/index.php\/wp-json\/wp\/v2\/product"}],"about":[{"href":"https:\/\/ciaobella.com.pl\/index.php\/wp-json\/wp\/v2\/types\/product"}],"replies":[{"embeddable":true,"href":"https:\/\/ciaobella.com.pl\/index.php\/wp-json\/wp\/v2\/comments?post=3905"}],"version-history":[{"count":2,"href":"https:\/\/ciaobella.com.pl\/index.php\/wp-json\/wp\/v2\/product\/3905\/revisions"}],"predecessor-version":[{"id":3986,"href":"https:\/\/ciaobella.com.pl\/index.php\/wp-json\/wp\/v2\/product\/3905\/revisions\/3986"}],"wp:featuredmedia":[{"embeddable":true,"href":"https:\/\/ciaobella.com.pl\/index.php\/wp-json\/wp\/v2\/media\/3909"}],"wp:attachment":[{"href":"https:\/\/ciaobella.com.pl\/index.php\/wp-json\/wp\/v2\/media?parent=3905"}],"wp:term":[{"taxonomy":"product_brand","embeddable":true,"href":"https:\/\/ciaobella.com.pl\/index.php\/wp-json\/wp\/v2\/product_brand?post=3905"},{"taxonomy":"product_cat","embeddable":true,"href":"https:\/\/ciaobella.com.pl\/index.php\/wp-json\/wp\/v2\/product_cat?post=3905"},{"taxonomy":"product_tag","embeddable":true,"href":"https:\/\/ciaobella.com.pl\/index.php\/wp-json\/wp\/v2\/product_tag?post=3905"}],"curies":[{"name":"wp","href":"https:\/\/api.w.org\/{rel}","templated":true}]}}