{"id":3610,"date":"2024-11-26T17:44:49","date_gmt":"2024-11-26T17:44:49","guid":{"rendered":"https:\/\/ciaobella.com.pl\/?post_type=product&#038;p=3610"},"modified":"2025-09-08T08:43:21","modified_gmt":"2025-09-08T08:43:21","slug":"czapka-londyn-z-napisem-i-regulowanym-rozmiarem","status":"publish","type":"product","link":"https:\/\/ciaobella.com.pl\/index.php\/product\/czapka-londyn-z-napisem-i-regulowanym-rozmiarem\/","title":{"rendered":"Czapka Londyn z napisem i regulowanym rozmiarem"},"content":{"rendered":"<p>Dodaj odrobin\u0119 charakteru swojej codziennej stylizacji dzi\u0119ki naszej klasycznej czarnej czapce Londyn z daszkiem. Wykonana z wysokiej jako\u015bci materia\u0142u, zapewnia komfort noszenia i trwa\u0142o\u015b\u0107. Minimalistyczny nadruk na przodzie przyci\u0105ga uwag\u0119, jednocze\u015bnie dodaj\u0105c oryginalnego wyrazu.<\/p>\n<p>Dzi\u0119ki regulowanemu zapi\u0119ciu czapka doskonale dopasowuje si\u0119 do ka\u017cdego rozmiaru g\u0142owy, gwarantuj\u0105c idealne dopasowanie. To uniwersalny dodatek, kt\u00f3ry sprawdzi si\u0119 zar\u00f3wno w sportowych, jak i casualowych zestawieniach.<\/p>\n<p>Postaw na prostot\u0119 i funkcjonalno\u015b\u0107 \u2013 wybierz czapk\u0119, kt\u00f3ra stanie si\u0119 Twoim ulubionym dodatkiem na co dzie\u0144 przez ca\u0142y rok.<\/p>\n<p><img fetchpriority=\"high\" decoding=\"async\" class=\"alignnone  wp-image-3984\" src=\"https:\/\/ciaobella.com.pl\/wp-content\/uploads\/2025\/06\/Czapka-300x150.png\" alt=\"\" width=\"492\" height=\"246\" srcset=\"https:\/\/ciaobella.com.pl\/wp-content\/uploads\/2025\/06\/Czapka-300x150.png 300w, https:\/\/ciaobella.com.pl\/wp-content\/uploads\/2025\/06\/Czapka-768x384.png 768w, https:\/\/ciaobella.com.pl\/wp-content\/uploads\/2025\/06\/Czapka-600x300.png 600w, https:\/\/ciaobella.com.pl\/wp-content\/uploads\/2025\/06\/Czapka.png 1000w\" sizes=\"(max-width: 492px) 100vw, 492px\" \/><\/p>\n<p><strong>\u00a0<\/strong><\/p>\n","protected":false},"excerpt":{"rendered":"<p>Dodaj odrobin\u0119 charakteru swojej codziennej stylizacji dzi\u0119ki naszej klasycznej czarnej czapce Londyn z daszkiem. Wykonana z wysokiej jako\u015bci materia\u0142u, zapewnia komfort noszenia i trwa\u0142o\u015b\u0107. Minimalistyczny nadruk na przodzie przyci\u0105ga uwag\u0119, jednocze\u015bnie dodaj\u0105c oryginalnego wyrazu. Dzi\u0119ki regulowanemu zapi\u0119ciu czapka doskonale dopasowuje si\u0119 do ka\u017cdego rozmiaru g\u0142owy, gwarantuj\u0105c idealne dopasowanie. To uniwersalny dodatek, kt\u00f3ry sprawdzi si\u0119 zar\u00f3wno [&hellip;]<\/p>\n","protected":false},"featured_media":3936,"comment_status":"open","ping_status":"closed","template":"","meta":{"_monsterinsights_skip_tracking":false,"_monsterinsights_sitenote_active":false,"_monsterinsights_sitenote_note":"","_monsterinsights_sitenote_category":0},"product_brand":[],"product_cat":[76,77,52],"product_tag":[],"class_list":{"0":"post-3610","1":"product","2":"type-product","3":"status-publish","4":"has-post-thumbnail","6":"product_cat-akcesoria","7":"product_cat-sale","8":"product_cat-nowosci","10":"first","11":"instock","12":"shipping-taxable","13":"purchasable","14":"product-type-simple"},"_links":{"self":[{"href":"https:\/\/ciaobella.com.pl\/index.php\/wp-json\/wp\/v2\/product\/3610","targetHints":{"allow":["GET"]}}],"collection":[{"href":"https:\/\/ciaobella.com.pl\/index.php\/wp-json\/wp\/v2\/product"}],"about":[{"href":"https:\/\/ciaobella.com.pl\/index.php\/wp-json\/wp\/v2\/types\/product"}],"replies":[{"embeddable":true,"href":"https:\/\/ciaobella.com.pl\/index.php\/wp-json\/wp\/v2\/comments?post=3610"}],"version-history":[{"count":5,"href":"https:\/\/ciaobella.com.pl\/index.php\/wp-json\/wp\/v2\/product\/3610\/revisions"}],"predecessor-version":[{"id":3988,"href":"https:\/\/ciaobella.com.pl\/index.php\/wp-json\/wp\/v2\/product\/3610\/revisions\/3988"}],"wp:featuredmedia":[{"embeddable":true,"href":"https:\/\/ciaobella.com.pl\/index.php\/wp-json\/wp\/v2\/media\/3936"}],"wp:attachment":[{"href":"https:\/\/ciaobella.com.pl\/index.php\/wp-json\/wp\/v2\/media?parent=3610"}],"wp:term":[{"taxonomy":"product_brand","embeddable":true,"href":"https:\/\/ciaobella.com.pl\/index.php\/wp-json\/wp\/v2\/product_brand?post=3610"},{"taxonomy":"product_cat","embeddable":true,"href":"https:\/\/ciaobella.com.pl\/index.php\/wp-json\/wp\/v2\/product_cat?post=3610"},{"taxonomy":"product_tag","embeddable":true,"href":"https:\/\/ciaobella.com.pl\/index.php\/wp-json\/wp\/v2\/product_tag?post=3610"}],"curies":[{"name":"wp","href":"https:\/\/api.w.org\/{rel}","templated":true}]}}