{"id":3478,"date":"2024-11-22T16:11:53","date_gmt":"2024-11-22T16:11:53","guid":{"rendered":"https:\/\/ciaobella.com.pl\/?post_type=product&#038;p=3478"},"modified":"2025-09-08T08:37:12","modified_gmt":"2025-09-08T08:37:12","slug":"kamizelka-z-golymi-plecami-siena","status":"publish","type":"product","link":"https:\/\/ciaobella.com.pl\/index.php\/product\/kamizelka-z-golymi-plecami-siena\/","title":{"rendered":"Kamizelka z go\u0142ymi plecami SIENA"},"content":{"rendered":"<p>Kamizelka z go\u0142ymi plecami SIENA \u2013 szara elegancja z nut\u0105 zmys\u0142owo\u015bci<br \/>\nKamizelka Siena to wyj\u0105tkowy element garderoby, kt\u00f3ry \u0142\u0105czy klasyk\u0119 z odwa\u017cnym, nowoczesnym designem. Wykonana w eleganckim szarym odcieniu, zachwyca odkrytymi plecami, kt\u00f3re dodaj\u0105 stylizacji zmys\u0142owego charakteru. Z przodu zdobiona z\u0142otymi guzikami, kt\u00f3re stanowi\u0105 szykowny akcent, a z ty\u0142u wyposa\u017cona w stylow\u0105 sprz\u0105czk\u0119 umo\u017cliwiaj\u0105c\u0105 regulacj\u0119 szeroko\u015bci w talii \u2013 dla perfekcyjnego dopasowania.<br \/>\nKamizelka Siena to doskona\u0142y wyb\u00f3r na wyj\u0105tkowe okazje lub jako wyrazisty element codziennych stylizacji. Idealnie komponuje si\u0119 z naszymi szarymi spodniami i marynark\u0105, tworz\u0105c kompletny, modny zestaw. Postaw na styl, kt\u00f3ry podkre\u015bla Twoj\u0105 pewno\u015b\u0107 siebie!<\/p>\n<p><img fetchpriority=\"high\" decoding=\"async\" class=\"alignnone  wp-image-3982\" src=\"https:\/\/ciaobella.com.pl\/wp-content\/uploads\/2024\/11\/kamizelka-Siena-1-300x150.png\" alt=\"\" width=\"528\" height=\"264\" srcset=\"https:\/\/ciaobella.com.pl\/wp-content\/uploads\/2024\/11\/kamizelka-Siena-1-300x150.png 300w, https:\/\/ciaobella.com.pl\/wp-content\/uploads\/2024\/11\/kamizelka-Siena-1-768x384.png 768w, https:\/\/ciaobella.com.pl\/wp-content\/uploads\/2024\/11\/kamizelka-Siena-1-600x300.png 600w, https:\/\/ciaobella.com.pl\/wp-content\/uploads\/2024\/11\/kamizelka-Siena-1.png 1000w\" sizes=\"(max-width: 528px) 100vw, 528px\" \/><\/p>\n","protected":false},"excerpt":{"rendered":"<p>Kamizelka z go\u0142ymi plecami SIENA \u2013 szara elegancja z nut\u0105 zmys\u0142owo\u015bci Kamizelka Siena to wyj\u0105tkowy element garderoby, kt\u00f3ry \u0142\u0105czy klasyk\u0119 z odwa\u017cnym, nowoczesnym designem. Wykonana w eleganckim szarym odcieniu, zachwyca odkrytymi plecami, kt\u00f3re dodaj\u0105 stylizacji zmys\u0142owego charakteru. Z przodu zdobiona z\u0142otymi guzikami, kt\u00f3re stanowi\u0105 szykowny akcent, a z ty\u0142u wyposa\u017cona w stylow\u0105 sprz\u0105czk\u0119 umo\u017cliwiaj\u0105c\u0105 regulacj\u0119 [&hellip;]<\/p>\n","protected":false},"featured_media":3920,"comment_status":"open","ping_status":"closed","template":"","meta":{"_monsterinsights_skip_tracking":false,"_monsterinsights_sitenote_active":false,"_monsterinsights_sitenote_note":"","_monsterinsights_sitenote_category":0},"product_brand":[],"product_cat":[75,68,52],"product_tag":[],"class_list":{"0":"post-3478","1":"product","2":"type-product","3":"status-publish","4":"has-post-thumbnail","6":"product_cat-kamizelka","7":"product_cat-garnitury","8":"product_cat-nowosci","10":"first","11":"instock","12":"shipping-taxable","13":"purchasable","14":"product-type-variable"},"_links":{"self":[{"href":"https:\/\/ciaobella.com.pl\/index.php\/wp-json\/wp\/v2\/product\/3478","targetHints":{"allow":["GET"]}}],"collection":[{"href":"https:\/\/ciaobella.com.pl\/index.php\/wp-json\/wp\/v2\/product"}],"about":[{"href":"https:\/\/ciaobella.com.pl\/index.php\/wp-json\/wp\/v2\/types\/product"}],"replies":[{"embeddable":true,"href":"https:\/\/ciaobella.com.pl\/index.php\/wp-json\/wp\/v2\/comments?post=3478"}],"version-history":[{"count":2,"href":"https:\/\/ciaobella.com.pl\/index.php\/wp-json\/wp\/v2\/product\/3478\/revisions"}],"predecessor-version":[{"id":3983,"href":"https:\/\/ciaobella.com.pl\/index.php\/wp-json\/wp\/v2\/product\/3478\/revisions\/3983"}],"wp:featuredmedia":[{"embeddable":true,"href":"https:\/\/ciaobella.com.pl\/index.php\/wp-json\/wp\/v2\/media\/3920"}],"wp:attachment":[{"href":"https:\/\/ciaobella.com.pl\/index.php\/wp-json\/wp\/v2\/media?parent=3478"}],"wp:term":[{"taxonomy":"product_brand","embeddable":true,"href":"https:\/\/ciaobella.com.pl\/index.php\/wp-json\/wp\/v2\/product_brand?post=3478"},{"taxonomy":"product_cat","embeddable":true,"href":"https:\/\/ciaobella.com.pl\/index.php\/wp-json\/wp\/v2\/product_cat?post=3478"},{"taxonomy":"product_tag","embeddable":true,"href":"https:\/\/ciaobella.com.pl\/index.php\/wp-json\/wp\/v2\/product_tag?post=3478"}],"curies":[{"name":"wp","href":"https:\/\/api.w.org\/{rel}","templated":true}]}}

Kamizelka z gołymi plecami SIENA

<p>Kamizelka z gołymi plecami SIENA – szara elegancja z nutą zmysłowości<br />
Kamizelka Siena to wyjątkowy element garderoby, który łączy klasykę z odważnym, nowoczesnym designem. Wykonana w eleganckim szarym odcieniu, zachwyca odkrytymi plecami, które dodają stylizacji zmysłowego charakteru. Z przodu zdobiona złotymi guzikami, które stanowią szykowny akcent, a z tyłu wyposażona w stylową sprzączkę umożliwiającą regulację szerokości w talii – dla perfekcyjnego dopasowania.<br />
Kamizelka Siena to doskonały wybór na wyjątkowe okazje lub jako wyrazisty element codziennych stylizacji. Idealnie komponuje się z naszymi szarymi spodniami i marynarką, tworząc kompletny, modny zestaw. Postaw na styl, który podkreśla Twoją pewność siebie!</p>
<p><img fetchpriority="high" decoding="async" class="alignnone  wp-image-3982" src="https://ciaobella.com.pl/wp-content/uploads/2024/11/kamizelka-Siena-1-300x150.png" alt="" width="528" height="264" srcset="https://ciaobella.com.pl/wp-content/uploads/2024/11/kamizelka-Siena-1-300x150.png 300w, https://ciaobella.com.pl/wp-content/uploads/2024/11/kamizelka-Siena-1-768x384.png 768w, https://ciaobella.com.pl/wp-content/uploads/2024/11/kamizelka-Siena-1-600x300.png 600w, https://ciaobella.com.pl/wp-content/uploads/2024/11/kamizelka-Siena-1.png 1000w" sizes="(max-width: 528px) 100vw, 528px" /></p>

<p>Kamizelka z gołymi plecami SIENA – szara elegancja z nutą zmysłowości Kamizelka Siena to wyjątkowy element garderoby, który łączy klasykę z odważnym, nowoczesnym designem. Wykonana w eleganckim szarym odcieniu, zachwyca odkrytymi plecami, które dodają stylizacji zmysłowego charakteru. Z przodu zdobiona złotymi guzikami, które stanowią szykowny akcent, a z tyłu wyposażona w stylową sprzączkę umożliwiającą regulację [&hellip;]</p>
