{"id":1211,"date":"2023-03-08T17:26:28","date_gmt":"2023-03-08T17:26:28","guid":{"rendered":"https:\/\/ciaobella.com.pl\/?post_type=product&#038;p=1211"},"modified":"2025-06-13T11:07:27","modified_gmt":"2025-06-13T11:07:27","slug":"marynarka-tokio-2","status":"publish","type":"product","link":"https:\/\/ciaobella.com.pl\/index.php\/product\/marynarka-tokio-2\/","title":{"rendered":"Marynarka TOKIO"},"content":{"rendered":"<p>Czerwona marynarka ze z\u0142otymi guzikami to idealny wyb\u00f3r na wiele okazji. Pasuje do wielu stylizacji i jest bardzo uniwersalna. Mo\u017cesz j\u0105 nosi\u0107 do spodni z wysokim stanem, sukienek, sp\u00f3dnic i szort\u00f3w. Z\u0142ote guziki dodaj\u0105 jej elegancji i szyku. Mo\u017cesz po\u0142\u0105czy\u0107 j\u0105 z klasycznymi bia\u0142ymi koszulami lub kr\u00f3tkimi topami. Czerwona marynarka to \u015bwietny wyb\u00f3r na oficjalne spotkania, ale tak\u017ce na mniej formalne okazje. Je\u015bli chcesz wygl\u0105da\u0107 modnie i stylowo, czerwona marynarka ze z\u0142otymi guzikami jest idealnym wyborem!<\/p>\n<p>Marynarka TOKIO to marynarka modu\u0142owa, po\u0142\u0105cz j\u0105 ze spodniami z wysokim stanem z serii TOKIO lub sp\u00f3dnic\u0105 z wysokim stanem Paris. Obserwuj nas, aby by\u0107 na bie\u017c\u0105co z najnowszymi trendami modowymi!<\/p>\n<p>Marynarka Paris Double dost\u0119pna jest w trzech rozmiarach: S, M oraz L.<\/p>\n<p>Sk\u0142ad: 88% poliester, 5% elastan, 7% bawe\u0142na.<\/p>\n<p>Nasze ubrania powstaj\u0105 z dba\u0142o\u015bci\u0105 o ka\u017cdy szczeg\u00f3\u0142, rekomendujemy pranie r\u0119czne.<\/p>\n<p><img fetchpriority=\"high\" decoding=\"async\" class=\"alignnone wp-image-2312 size-full\" src=\"https:\/\/ciaobella.com.pl\/wp-content\/uploads\/2023\/03\/marynarka-TOKIO.jpg\" alt=\"\" width=\"1000\" height=\"500\" srcset=\"https:\/\/ciaobella.com.pl\/wp-content\/uploads\/2023\/03\/marynarka-TOKIO.jpg 1000w, https:\/\/ciaobella.com.pl\/wp-content\/uploads\/2023\/03\/marynarka-TOKIO-600x300.jpg 600w, https:\/\/ciaobella.com.pl\/wp-content\/uploads\/2023\/03\/marynarka-TOKIO-300x150.jpg 300w, https:\/\/ciaobella.com.pl\/wp-content\/uploads\/2023\/03\/marynarka-TOKIO-768x384.jpg 768w\" sizes=\"(max-width: 1000px) 100vw, 1000px\" \/><\/p>\n","protected":false},"excerpt":{"rendered":"<p>Garnitur Tokio to jeden z najbardziej wyczekiwanych przez Was produkt\u00f3w! TOKIO is back! Po premierze bestsellerowego garnituru NEW YORK czas na czerwony garnitur TOKIO dost\u0119pny z klasyczn\u0105 marynark\u0105 i spodniami w dw\u00f3ch wersjach: dopasowane w udach, dla kobiet kt\u00f3re lubi\u0105 podkre\u015bla\u0107 swoje kszta\u0142ty i lu\u017any kr\u00f3j dla kobiet, kt\u00f3re ceni\u0105 sobie swobod\u0119 noszenia.<\/p>\n<p>Garnitur dost\u0119pny w trzech rozmiarach: S\/M\/L.<\/p>\n<p>Nasze produkty powstaj\u0105 z dba\u0142o\u015bci\u0105 o ka\u017cdy szczeg\u00f3\u0142, rekomendujemy pranie r\u0119czne.<\/p>\n<p>Spodnie DO GARNITURU TOKIO dost\u0119pne w dw\u00f3ch wersjach &#8211; wersja I &#8211; dopasowane dzwony &#8211; wersja II ( lu\u017any kr\u00f3j, proste nogawki, nieprzylegaj\u0105ce w udach)<\/p>\n<p>Sk\u0142ad:<\/p>\n<p>88% poliester<\/p>\n<p>5% elastan<\/p>\n<p>7% bawe\u0142na<\/p>\n<p>&nbsp;<\/p>\n","protected":false},"featured_media":3405,"comment_status":"open","ping_status":"closed","template":"","meta":{"_monsterinsights_skip_tracking":false,"_monsterinsights_sitenote_active":false,"_monsterinsights_sitenote_note":"","_monsterinsights_sitenote_category":0},"product_brand":[],"product_cat":[77,19],"product_tag":[],"class_list":{"0":"post-1211","1":"product","2":"type-product","3":"status-publish","4":"has-post-thumbnail","6":"product_cat-sale","7":"product_cat-marynarki","9":"first","10":"instock","11":"shipping-taxable","12":"purchasable","13":"product-type-variable"},"_links":{"self":[{"href":"https:\/\/ciaobella.com.pl\/index.php\/wp-json\/wp\/v2\/product\/1211","targetHints":{"allow":["GET"]}}],"collection":[{"href":"https:\/\/ciaobella.com.pl\/index.php\/wp-json\/wp\/v2\/product"}],"about":[{"href":"https:\/\/ciaobella.com.pl\/index.php\/wp-json\/wp\/v2\/types\/product"}],"replies":[{"embeddable":true,"href":"https:\/\/ciaobella.com.pl\/index.php\/wp-json\/wp\/v2\/comments?post=1211"}],"version-history":[{"count":4,"href":"https:\/\/ciaobella.com.pl\/index.php\/wp-json\/wp\/v2\/product\/1211\/revisions"}],"predecessor-version":[{"id":2311,"href":"https:\/\/ciaobella.com.pl\/index.php\/wp-json\/wp\/v2\/product\/1211\/revisions\/2311"}],"wp:featuredmedia":[{"embeddable":true,"href":"https:\/\/ciaobella.com.pl\/index.php\/wp-json\/wp\/v2\/media\/3405"}],"wp:attachment":[{"href":"https:\/\/ciaobella.com.pl\/index.php\/wp-json\/wp\/v2\/media?parent=1211"}],"wp:term":[{"taxonomy":"product_brand","embeddable":true,"href":"https:\/\/ciaobella.com.pl\/index.php\/wp-json\/wp\/v2\/product_brand?post=1211"},{"taxonomy":"product_cat","embeddable":true,"href":"https:\/\/ciaobella.com.pl\/index.php\/wp-json\/wp\/v2\/product_cat?post=1211"},{"taxonomy":"product_tag","embeddable":true,"href":"https:\/\/ciaobella.com.pl\/index.php\/wp-json\/wp\/v2\/product_tag?post=1211"}],"curies":[{"name":"wp","href":"https:\/\/api.w.org\/{rel}","templated":true}]}}