{"id":1210,"date":"2023-03-08T17:26:27","date_gmt":"2023-03-08T17:26:27","guid":{"rendered":"https:\/\/ciaobella.com.pl\/?post_type=product&#038;p=1210"},"modified":"2025-09-08T08:55:24","modified_gmt":"2025-09-08T08:55:24","slug":"spodnie-tokio-wersja-ii-2","status":"publish","type":"product","link":"https:\/\/ciaobella.com.pl\/index.php\/product\/spodnie-tokio-wersja-ii-2\/","title":{"rendered":"spodnie TOKIO"},"content":{"rendered":"<div><span class=\"gwp9885fe15_highlight\"><span class=\"gwp9885fe15_colour\"><span class=\"gwp9885fe15_font\"><span class=\"gwp9885fe15_size\">SPODNIE TOKIO z szerokimi nogawkami.<\/span><\/span><\/span><\/span><\/div>\n<div>\n<div>\n<div><\/div>\n<\/div>\n<\/div>\n<div>Czy wiesz, \u017ce czerwone spodnie z wysokim stanem to najgor\u0119tszy trend tego sezonu? Nie musisz ju\u017c wybiera\u0107 mi\u0119dzy elegancj\u0105 a wyrazisto\u015bci\u0105 &#8211; teraz mo\u017cesz mie\u0107 i TO i TO! Sprawd\u017a nasze najnowszy model bestsellerowych spodni garniturowych TOKIO i ciesz si\u0119 z wyj\u0105tkowego stylu! #garniturdamski#moda #elegancja #wyrazistosc<\/div>\n<div>\n<div>\n<div><\/div>\n<\/div>\n<\/div>\n<div>Spodnie z wysokim stanem to idealny wyb\u00f3r na ka\u017cd\u0105 okazj\u0119! Jest to modny i zarazem elegancki str\u00f3j, kt\u00f3ry sprawi, \u017ce b\u0119dziesz wygl\u0105da\u0107 stylowo i profesjonalnie. Mo\u017cesz je nosi\u0107 na spotkania biznesowe, na codzie\u0144 a tak\u017ce wyj\u0105tkowe okazje. Spodnie z wysokim stanem s\u0105 uniwersalne i pasuj\u0105 do ka\u017cdej sylwetki. Zosta\u0142y zaprojektowane tak, by zapewni\u0107 Ci maksymalny komfort.\u00a0\u00a0Dodatkowo mo\u017cesz je \u0142atwo dopasowa\u0107 do swojego stylu ubierania si\u0119. Mo\u017cesz po\u0142\u0105czy\u0107 je z koszul\u0105 w jasnym kolorze lub z klasyczn\u0105 bia\u0142\u0105 koszul\u0105, kr\u00f3tkim topem lub basicow\u0105 g\u00f3r\u0105 . Spodnie z wysokim stanem s\u0105 idealnym rozwi\u0105zaniem dla tych, kt\u00f3rzy chc\u0105 wygl\u0105da\u0107 modnie i elegancko a przede wszystkim: oryginalnie. Je\u017celi szukasz odpowiedniego stroju kt\u00f3ry doda Ci pewno\u015bci siebie oraz oryginalno\u015bci &#8211; spodnie TOKIO b\u0119d\u0105 idealnym rozwi\u0105zaniem.<\/div>\n<div>\n<div>\n<div><\/div>\n<\/div>\n<\/div>\n<p><span class=\"gwp9885fe15_colour\">Sk\u0142ad: <\/span>88% poliester, 5% elastan, 7% bawe\u0142na.<\/p>\n<div><span class=\"gwp9885fe15_colour\"><span class=\"gwp9885fe15_size\">Nasze ubrania powstaj\u0105 z dba\u0142o\u015bci\u0105 o ka\u017cdy szczeg\u00f3\u0142, rekomendujemy pranie r\u0119czne.<\/span><\/span><\/div>\n<div><img fetchpriority=\"high\" decoding=\"async\" class=\"alignnone wp-image-3997\" src=\"https:\/\/ciaobella.com.pl\/wp-content\/uploads\/2023\/03\/spodnie-warsaw_szare_tokio-300x150.png\" alt=\"\" width=\"468\" height=\"234\" srcset=\"https:\/\/ciaobella.com.pl\/wp-content\/uploads\/2023\/03\/spodnie-warsaw_szare_tokio-300x150.png 300w, https:\/\/ciaobella.com.pl\/wp-content\/uploads\/2023\/03\/spodnie-warsaw_szare_tokio-768x384.png 768w, https:\/\/ciaobella.com.pl\/wp-content\/uploads\/2023\/03\/spodnie-warsaw_szare_tokio-600x300.png 600w, https:\/\/ciaobella.com.pl\/wp-content\/uploads\/2023\/03\/spodnie-warsaw_szare_tokio.png 1000w\" sizes=\"(max-width: 468px) 100vw, 468px\" \/><\/div>\n","protected":false},"excerpt":{"rendered":"<p>Spodnie TOKIO &#8211; wersja II ( lu\u017any kr\u00f3j, proste nogawki, nieprzylegaj\u0105ce w udach)<\/p>\n<p>Garnitur Tokio to jeden z najbardziej wyczekiwanych przez Was produkt\u00f3w! TOKIO is back! Po premierze bestsellerowego garnituru NEW YORK czas na czerwony garnitur TOKIO dost\u0119pny z klasyczn\u0105 marynark\u0105 i spodniami w dw\u00f3ch wersjach: dopasowane w udach, dla kobiet kt\u00f3re lubi\u0105 podkre\u015bla\u0107 swoje kszta\u0142ty i lu\u017any kr\u00f3j dla kobiet, kt\u00f3re ceni\u0105 sobie swobod\u0119 noszenia.<\/p>\n<p>Garnitur dost\u0119pny w trzech rozmiarach: S\/M\/L.<\/p>\n<p>Czas oczekiwania na spodnie to oko\u0142o 10 dni roboczych.<\/p>\n<p>Po zakupie produktu prze\u015blij nam swoje wymiary na IG: @oh_ciao_bella a my dobierzemy dla Ciebie odpowiedni rozmiar!<\/p>\n<p>Nasze produkty powstaj\u0105 z dba\u0142o\u015bci\u0105 o ka\u017cdy szczeg\u00f3\u0142, rekomendujemy pranie r\u0119czne.<\/p>\n<p>Sk\u0142ad:<\/p>\n<p>88% poliester<\/p>\n<p>5% elastan<\/p>\n<p>7% bawe\u0142na<\/p>\n<p><img decoding=\"async\" class=\"alignnone wp-image-3998\" src=\"https:\/\/ciaobella.com.pl\/wp-content\/uploads\/2023\/03\/spodnie-warsaw_szare_tokio-1-300x150.png\" alt=\"\" width=\"472\" height=\"236\" srcset=\"https:\/\/ciaobella.com.pl\/wp-content\/uploads\/2023\/03\/spodnie-warsaw_szare_tokio-1-300x150.png 300w, https:\/\/ciaobella.com.pl\/wp-content\/uploads\/2023\/03\/spodnie-warsaw_szare_tokio-1-768x384.png 768w, https:\/\/ciaobella.com.pl\/wp-content\/uploads\/2023\/03\/spodnie-warsaw_szare_tokio-1-600x300.png 600w, https:\/\/ciaobella.com.pl\/wp-content\/uploads\/2023\/03\/spodnie-warsaw_szare_tokio-1.png 1000w\" sizes=\"(max-width: 472px) 100vw, 472px\" \/><\/p>\n","protected":false},"featured_media":3407,"comment_status":"open","ping_status":"closed","template":"","meta":{"_monsterinsights_skip_tracking":false,"_monsterinsights_sitenote_active":false,"_monsterinsights_sitenote_note":"","_monsterinsights_sitenote_category":0},"product_brand":[],"product_cat":[77,68,45],"product_tag":[],"class_list":{"0":"post-1210","1":"product","2":"type-product","3":"status-publish","4":"has-post-thumbnail","6":"product_cat-sale","7":"product_cat-garnitury","8":"product_cat-spodnie","10":"first","11":"instock","12":"shipping-taxable","13":"purchasable","14":"product-type-variable"},"_links":{"self":[{"href":"https:\/\/ciaobella.com.pl\/index.php\/wp-json\/wp\/v2\/product\/1210","targetHints":{"allow":["GET"]}}],"collection":[{"href":"https:\/\/ciaobella.com.pl\/index.php\/wp-json\/wp\/v2\/product"}],"about":[{"href":"https:\/\/ciaobella.com.pl\/index.php\/wp-json\/wp\/v2\/types\/product"}],"replies":[{"embeddable":true,"href":"https:\/\/ciaobella.com.pl\/index.php\/wp-json\/wp\/v2\/comments?post=1210"}],"version-history":[{"count":8,"href":"https:\/\/ciaobella.com.pl\/index.php\/wp-json\/wp\/v2\/product\/1210\/revisions"}],"predecessor-version":[{"id":4000,"href":"https:\/\/ciaobella.com.pl\/index.php\/wp-json\/wp\/v2\/product\/1210\/revisions\/4000"}],"wp:featuredmedia":[{"embeddable":true,"href":"https:\/\/ciaobella.com.pl\/index.php\/wp-json\/wp\/v2\/media\/3407"}],"wp:attachment":[{"href":"https:\/\/ciaobella.com.pl\/index.php\/wp-json\/wp\/v2\/media?parent=1210"}],"wp:term":[{"taxonomy":"product_brand","embeddable":true,"href":"https:\/\/ciaobella.com.pl\/index.php\/wp-json\/wp\/v2\/product_brand?post=1210"},{"taxonomy":"product_cat","embeddable":true,"href":"https:\/\/ciaobella.com.pl\/index.php\/wp-json\/wp\/v2\/product_cat?post=1210"},{"taxonomy":"product_tag","embeddable":true,"href":"https:\/\/ciaobella.com.pl\/index.php\/wp-json\/wp\/v2\/product_tag?post=1210"}],"curies":[{"name":"wp","href":"https:\/\/api.w.org\/{rel}","templated":true}]}}