{"id":1020,"date":"2023-03-08T17:25:43","date_gmt":"2023-03-08T17:25:43","guid":{"rendered":"https:\/\/ciaobella.com.pl\/?post_type=product&#038;p=1020"},"modified":"2025-06-13T11:14:25","modified_gmt":"2025-06-13T11:14:25","slug":"sukienka-aruba-4in1-2","status":"publish","type":"product","link":"https:\/\/ciaobella.com.pl\/index.php\/product\/sukienka-aruba-4in1-2\/","title":{"rendered":"Sukienka Aruba 4in1"},"content":{"rendered":"<p>JEDNA SUKIENKA \u2013 CZTERY ROZWI\u0104ZANIA! W poprzednim sezonie nasza sukienka, ARUBA, kt\u00f3r\u0105 mo\u017cna nosi\u0107 na cztery r\u00f3\u017cne sposoby okaza\u0142a si\u0119 bestsellerem i jednym z najcz\u0119\u015bciej kupowanych produkt\u00f3w.<\/p>\n<div>Je\u015bli szukasz modnego i uniwersalnego elementu garderoby, kt\u00f3ry mo\u017cesz za\u0142o\u017cy\u0107 na wiele okazji, sukienka wi\u0105zana na kilka sposob\u00f3w, Aruba4in1 jest idealnym wyborem! Oto 5 powod\u00f3w, dla kt\u00f3rych warto zainteresowa\u0107 si\u0119 tym tematem:<\/div>\n<div>1. Sukienka wi\u0105zana na kilka sposob\u00f3w jest bardzo uniwersalna &#8211; mo\u017cesz j\u0105 dopasowa\u0107 do swojego stylu i nosi\u0107 na r\u00f3\u017cne okazje.<\/div>\n<div>2. Mo\u017cesz stworzy\u0107 wiele r\u00f3\u017cnych stylizacji, w zale\u017cno\u015bci od tego, jak zawi\u0105\u017cesz sukienk\u0119.<\/div>\n<div>3. Sukienka ta jest bardzo wygodna i \u0142atwa w noszeniu.<\/div>\n<div>4. Jest to idealny str\u00f3j na ka\u017cd\u0105 por\u0119 roku &#8211; mo\u017cesz go \u0142atwo dopasowa\u0107 do warunk\u00f3w pogodowych, wykonana ze 100% wiskozy sukienka sprawdzi si\u0119 idealnie nawet w upalne dni.<\/div>\n<div>5. Sukienka ta jest dost\u0119pna w wielu r\u00f3\u017cnych kolorach i wzorach, co pozwala Ci stworzy\u0107 modne stylizacje.<\/div>\n<div>Obserwuj nasz profil na Instagramie, aby dowiedzie\u0107 si\u0119 wi\u0119cej o sukience wi\u0105zanej na kilka sposob\u00f3w! #sukienkawi\u0105zananaKilkaSposob\u00f3w #moda #uniwersalnyStroj #wygodnaSukienka<\/div>\n<p class=\"gwp353fa46b_p1\"><span class=\"gwp353fa46b_s1\">Sk\u0142ad:<\/span> 100% wiskoza<\/p>\n<p class=\"gwp353fa46b_p2\"><span class=\"gwp353fa46b_s2\">Rozmiar : UNIWERSALNY<\/span> (regulowana dzi\u0119ki r\u00f3\u017cnym mo\u017cliwo\u015bciom wi\u0105zania).<\/p>\n<div>\n<p>Nasze produkty powstaj\u0105 z dba\u0142o\u015bci\u0105 o ka\u017cdy szczeg\u00f3\u0142. Rekomendujemy pranie r\u0119czne.<\/p>\n<div><img fetchpriority=\"high\" decoding=\"async\" class=\"alignnone wp-image-2326 size-full\" src=\"https:\/\/ciaobella.com.pl\/wp-content\/uploads\/2023\/03\/sukienka-ARUBA.jpg\" alt=\"\" width=\"1000\" height=\"500\" srcset=\"https:\/\/ciaobella.com.pl\/wp-content\/uploads\/2023\/03\/sukienka-ARUBA.jpg 1000w, https:\/\/ciaobella.com.pl\/wp-content\/uploads\/2023\/03\/sukienka-ARUBA-600x300.jpg 600w, https:\/\/ciaobella.com.pl\/wp-content\/uploads\/2023\/03\/sukienka-ARUBA-300x150.jpg 300w, https:\/\/ciaobella.com.pl\/wp-content\/uploads\/2023\/03\/sukienka-ARUBA-768x384.jpg 768w\" sizes=\"(max-width: 1000px) 100vw, 1000px\" \/><\/div>\n<\/div>\n","protected":false},"excerpt":{"rendered":"<p>JEDNA SUKIENKA \u2013 CZTERY ROZWI\u0104ZANIA! W poprzednim sezonie nasza sukienka, ARUBA, kt\u00f3r\u0105 mo\u017cna nosi\u0107 na cztery r\u00f3\u017cne sposoby okaza\u0142a si\u0119 bestsellerem i jednym z najcz\u0119\u015bciej kupowanych produkt\u00f3w. Je\u015bli szukasz modnego i uniwersalnego elementu garderoby, kt\u00f3ry mo\u017cesz za\u0142o\u017cy\u0107 na wiele okazji, sukienka wi\u0105zana na kilka sposob\u00f3w, Aruba4in1 jest idealnym wyborem! Oto 5 powod\u00f3w, dla kt\u00f3rych warto [&hellip;]<\/p>\n","protected":false},"featured_media":2396,"comment_status":"open","ping_status":"closed","template":"","meta":{"_monsterinsights_skip_tracking":false,"_monsterinsights_sitenote_active":false,"_monsterinsights_sitenote_note":"","_monsterinsights_sitenote_category":0},"product_brand":[],"product_cat":[77,21],"product_tag":[],"class_list":{"0":"post-1020","1":"product","2":"type-product","3":"status-publish","4":"has-post-thumbnail","6":"product_cat-sale","7":"product_cat-sukienki","9":"first","10":"instock","11":"shipping-taxable","12":"purchasable","13":"product-type-simple"},"_links":{"self":[{"href":"https:\/\/ciaobella.com.pl\/index.php\/wp-json\/wp\/v2\/product\/1020","targetHints":{"allow":["GET"]}}],"collection":[{"href":"https:\/\/ciaobella.com.pl\/index.php\/wp-json\/wp\/v2\/product"}],"about":[{"href":"https:\/\/ciaobella.com.pl\/index.php\/wp-json\/wp\/v2\/types\/product"}],"replies":[{"embeddable":true,"href":"https:\/\/ciaobella.com.pl\/index.php\/wp-json\/wp\/v2\/comments?post=1020"}],"version-history":[{"count":4,"href":"https:\/\/ciaobella.com.pl\/index.php\/wp-json\/wp\/v2\/product\/1020\/revisions"}],"predecessor-version":[{"id":2328,"href":"https:\/\/ciaobella.com.pl\/index.php\/wp-json\/wp\/v2\/product\/1020\/revisions\/2328"}],"wp:featuredmedia":[{"embeddable":true,"href":"https:\/\/ciaobella.com.pl\/index.php\/wp-json\/wp\/v2\/media\/2396"}],"wp:attachment":[{"href":"https:\/\/ciaobella.com.pl\/index.php\/wp-json\/wp\/v2\/media?parent=1020"}],"wp:term":[{"taxonomy":"product_brand","embeddable":true,"href":"https:\/\/ciaobella.com.pl\/index.php\/wp-json\/wp\/v2\/product_brand?post=1020"},{"taxonomy":"product_cat","embeddable":true,"href":"https:\/\/ciaobella.com.pl\/index.php\/wp-json\/wp\/v2\/product_cat?post=1020"},{"taxonomy":"product_tag","embeddable":true,"href":"https:\/\/ciaobella.com.pl\/index.php\/wp-json\/wp\/v2\/product_tag?post=1020"}],"curies":[{"name":"wp","href":"https:\/\/api.w.org\/{rel}","templated":true}]}}