{"id":1006,"date":"2023-03-08T17:25:39","date_gmt":"2023-03-08T17:25:39","guid":{"rendered":"https:\/\/ciaobella.com.pl\/?post_type=product&#038;p=1006"},"modified":"2025-07-27T15:02:17","modified_gmt":"2025-07-27T15:02:17","slug":"koszula-santorini-black","status":"publish","type":"product","link":"https:\/\/ciaobella.com.pl\/index.php\/product\/koszula-santorini-black\/","title":{"rendered":"Koszula Santorini Black 3in1"},"content":{"rendered":"<div>Koszula wi\u0105zana na kilka sposob\u00f3w to jeden z najbardziej uniwersalnych element\u00f3w garderoby. Jest to idealny wyb\u00f3r dla os\u00f3b, kt\u00f3re chc\u0105 wygl\u0105da\u0107 modnie i stylowo bez wzgl\u0119du na okazj\u0119. Koszule wi\u0105zane na kilka sposob\u00f3w, SANTORINI, dost\u0119pne s\u0105 w r\u00f3\u017cnych kolorach i wzorach, co pozwala na \u0142atwe dopasowanie do ka\u017cdego stylu ubioru. Co wi\u0119cej, mo\u017cna je wi\u0105za\u0107 na kilka r\u00f3\u017cnych sposob\u00f3w, dzi\u0119ki czemu mo\u017cna zmienia\u0107 sw\u00f3j look w zale\u017cno\u015bci od potrzeb. Koszula wi\u0105zana na kilka sposob\u00f3w jest wi\u0119c idealnym wyborem dla os\u00f3b, kt\u00f3re chc\u0105 mie\u0107 szeroki wyb\u00f3r stylizacji. Jest to tak\u017ce doskona\u0142a opcja dla os\u00f3b, kt\u00f3re lubi\u0105 eksperymentowa\u0107 z mod\u0105 i chc\u0105 mie\u0107 pewno\u015b\u0107, \u017ce ich ubrania b\u0119d\u0105 pasowa\u0107 do ka\u017cdej okazji. A tak\u017ce idealna baza wielu stylizacji w Twojej szafie. Je\u015bli szukasz uniwersalnego elementu garderoby, kt\u00f3ry b\u0119dzie pasowa\u0142 do ka\u017cdego stylu ubioru, koszula wi\u0105zana na kilka sposob\u00f3w jest idealnym wyborem!<\/div>\n<div>\n<div><\/div>\n<\/div>\n<div>Koszula wi\u0105zana na kilka sposob\u00f3w Santorini wyst\u0119puje w kilku kolorach: czarnym, bia\u0142ym oraz szampa\u0144skim\u00a0oraz w trzech rozmiarach: S, M oraz L.<\/div>\n<div>\n<div><\/div>\n<\/div>\n<div><span class=\"gwp7d4131c9_colour\"><span class=\"gwp7d4131c9_font\"><span class=\"gwp7d4131c9_size\">Koszula Santorini to uniwersalna koszula wi\u0105zana na trzy sposoby:<\/span><\/span><\/span><\/div>\n<div><span class=\"gwp7d4131c9_colour\"><span class=\"gwp7d4131c9_font\"><span class=\"gwp7d4131c9_size\">-je\u017celi uwielbiasz dekolt na plecach zawi\u0105\u017c kokard\u0119 z ty\u0142u na podw\u00f3jny w\u0119ze\u0142 tak by nie rozwi\u0105zywa\u0142 si\u0119 podczas noszenia.<\/span><\/span><\/span><\/div>\n<div><span class=\"gwp7d4131c9_colour\"><span class=\"gwp7d4131c9_font\"><span class=\"gwp7d4131c9_size\">-e\u017celi chcesz w eksponowa\u0107 biust zawi\u0105\u017c kokard\u0119 z przodu.<\/span><\/span><\/span><\/div>\n<div><span class=\"gwp7d4131c9_colour\"><span class=\"gwp7d4131c9_font\"><span class=\"gwp7d4131c9_size\">-je\u015bli nie jeste\u015b fank\u0105 wi\u0119kszych dekolt\u00f3w lub szykujesz si\u0119 na bardziej oficjalne wyj\u015bcie, no\u015b Santorini \u2013 jako koszul\u0119 kopertow\u0105.<\/span><\/span><\/span><\/div>\n<div>Sk\u0142ad: 87% poliester, 5% elastan, 7% bawe\u0142na<\/div>\n<div>\n<p><span class=\"gwp7d4131c9_colour\"><span class=\"gwp7d4131c9_font\"><span class=\"gwp7d4131c9_size\">Nasze produkty powstaj\u0105 z dba\u0142o\u015bci\u0105 o ka\u017cdy szczeg\u00f3\u0142, rekomendujemy pranie r\u0119czne.<\/span><\/span><\/span><\/p>\n<div>\n<div>\n<div>\n<div><img fetchpriority=\"high\" decoding=\"async\" class=\"alignnone wp-image-2344 size-full\" src=\"https:\/\/ciaobella.com.pl\/wp-content\/uploads\/2023\/03\/koszula-SANTORINI-BLACK-_-WHITE-_-CHAMPAGNE.jpg\" alt=\"\" width=\"1000\" height=\"500\" srcset=\"https:\/\/ciaobella.com.pl\/wp-content\/uploads\/2023\/03\/koszula-SANTORINI-BLACK-_-WHITE-_-CHAMPAGNE.jpg 1000w, https:\/\/ciaobella.com.pl\/wp-content\/uploads\/2023\/03\/koszula-SANTORINI-BLACK-_-WHITE-_-CHAMPAGNE-600x300.jpg 600w, https:\/\/ciaobella.com.pl\/wp-content\/uploads\/2023\/03\/koszula-SANTORINI-BLACK-_-WHITE-_-CHAMPAGNE-300x150.jpg 300w, https:\/\/ciaobella.com.pl\/wp-content\/uploads\/2023\/03\/koszula-SANTORINI-BLACK-_-WHITE-_-CHAMPAGNE-768x384.jpg 768w\" sizes=\"(max-width: 1000px) 100vw, 1000px\" \/><\/div>\n<\/div>\n<\/div>\n<\/div>\n<\/div>\n","protected":false},"excerpt":{"rendered":"<p>Koszula wi\u0105zana na kilka sposob\u00f3w to jeden z najbardziej uniwersalnych element\u00f3w garderoby. Jest to idealny wyb\u00f3r dla os\u00f3b, kt\u00f3re chc\u0105 wygl\u0105da\u0107 modnie i stylowo bez wzgl\u0119du na okazj\u0119. Koszule wi\u0105zane na kilka sposob\u00f3w, SANTORINI, dost\u0119pne s\u0105 w r\u00f3\u017cnych kolorach i wzorach, co pozwala na \u0142atwe dopasowanie do ka\u017cdego stylu ubioru. Co wi\u0119cej, mo\u017cna je wi\u0105za\u0107 [&hellip;]<\/p>\n","protected":false},"featured_media":3399,"comment_status":"open","ping_status":"closed","template":"","meta":{"_monsterinsights_skip_tracking":false,"_monsterinsights_sitenote_active":false,"_monsterinsights_sitenote_note":"","_monsterinsights_sitenote_category":0},"product_brand":[],"product_cat":[77,35],"product_tag":[42],"class_list":{"0":"post-1006","1":"product","2":"type-product","3":"status-publish","4":"has-post-thumbnail","6":"product_cat-sale","7":"product_cat-koszule","8":"product_tag-santorini-koszula","10":"first","11":"instock","12":"shipping-taxable","13":"purchasable","14":"product-type-variable"},"_links":{"self":[{"href":"https:\/\/ciaobella.com.pl\/index.php\/wp-json\/wp\/v2\/product\/1006","targetHints":{"allow":["GET"]}}],"collection":[{"href":"https:\/\/ciaobella.com.pl\/index.php\/wp-json\/wp\/v2\/product"}],"about":[{"href":"https:\/\/ciaobella.com.pl\/index.php\/wp-json\/wp\/v2\/types\/product"}],"replies":[{"embeddable":true,"href":"https:\/\/ciaobella.com.pl\/index.php\/wp-json\/wp\/v2\/comments?post=1006"}],"version-history":[{"count":7,"href":"https:\/\/ciaobella.com.pl\/index.php\/wp-json\/wp\/v2\/product\/1006\/revisions"}],"predecessor-version":[{"id":2346,"href":"https:\/\/ciaobella.com.pl\/index.php\/wp-json\/wp\/v2\/product\/1006\/revisions\/2346"}],"wp:featuredmedia":[{"embeddable":true,"href":"https:\/\/ciaobella.com.pl\/index.php\/wp-json\/wp\/v2\/media\/3399"}],"wp:attachment":[{"href":"https:\/\/ciaobella.com.pl\/index.php\/wp-json\/wp\/v2\/media?parent=1006"}],"wp:term":[{"taxonomy":"product_brand","embeddable":true,"href":"https:\/\/ciaobella.com.pl\/index.php\/wp-json\/wp\/v2\/product_brand?post=1006"},{"taxonomy":"product_cat","embeddable":true,"href":"https:\/\/ciaobella.com.pl\/index.php\/wp-json\/wp\/v2\/product_cat?post=1006"},{"taxonomy":"product_tag","embeddable":true,"href":"https:\/\/ciaobella.com.pl\/index.php\/wp-json\/wp\/v2\/product_tag?post=1006"}],"curies":[{"name":"wp","href":"https:\/\/api.w.org\/{rel}","templated":true}]}}