{"id":3,"date":"2023-03-07T12:22:04","date_gmt":"2023-03-07T12:22:04","guid":{"rendered":"https:\/\/ciaobella.com.pl\/?page_id=3"},"modified":"2023-03-17T14:47:31","modified_gmt":"2023-03-17T14:47:31","slug":"privacy-policy","status":"publish","type":"page","link":"https:\/\/ciaobella.com.pl\/index.php\/privacy-policy\/","title":{"rendered":"Polityka prywatno\u015bci"},"content":{"rendered":"\t\t<div data-elementor-type=\"wp-page\" data-elementor-id=\"3\" class=\"elementor elementor-3\" data-elementor-post-type=\"page\">\n\t\t\t\t\t\t<section class=\"elementor-section elementor-top-section elementor-element elementor-element-36e2ceb5 elementor-section-boxed elementor-section-height-default elementor-section-height-default\" data-id=\"36e2ceb5\" data-element_type=\"section\">\n\t\t\t\t\t\t<div class=\"elementor-container elementor-column-gap-default\">\n\t\t\t\t\t<div class=\"elementor-column elementor-col-100 elementor-top-column elementor-element elementor-element-1351fe3\" data-id=\"1351fe3\" data-element_type=\"column\">\n\t\t\t<div class=\"elementor-widget-wrap elementor-element-populated\">\n\t\t\t\t\t\t<div class=\"elementor-element elementor-element-c00d222 elementor-widget elementor-widget-heading\" data-id=\"c00d222\" data-element_type=\"widget\" data-widget_type=\"heading.default\">\n\t\t\t\t<div class=\"elementor-widget-container\">\n\t\t\t\t\t<h2 class=\"elementor-heading-title elementor-size-default\">polityka prywatno\u015bci<\/h2>\t\t\t\t<\/div>\n\t\t\t\t<\/div>\n\t\t\t\t<div class=\"elementor-element elementor-element-c7ef5fd elementor-widget elementor-widget-text-editor\" data-id=\"c7ef5fd\" data-element_type=\"widget\" data-widget_type=\"text-editor.default\">\n\t\t\t\t<div class=\"elementor-widget-container\">\n\t\t\t\t\t\t\t\t\t<div id=\"qodef-page-inner\" class=\"qodef-content-grid\"><div class=\"qodef-grid-inner clear\"><div class=\"qodef-grid-item qodef-page-content-section qodef-col--12\"><p>Polityka prywatno\u015bci z dnia 06.12.2022. Numer licencji nadanej przez Kreator Legal Geek: <a href=\"https:\/\/kreator.legalgeek.pl\/\">28362cb3-2f64-4819-9588-102b65bee984<\/a><\/p><p><strong>Polityka prywatno\u015bci Sklepu Oh Ciao Bella https:\/\/ciaobella.com.pl\/\u00a0<\/strong><strong>(\u201eSklep\u201d)<\/strong><\/p><p><strong>Drogi U\u017cytkowniku!<\/strong><\/p><p>Dbamy o Twoj\u0105 prywatno\u015b\u0107 i chcemy, aby\u015b w czasie korzystania z naszych us\u0142ug czu\u0142 si\u0119 komfortowo. Dlatego te\u017c poni\u017cej prezentujemy Ci najwa\u017cniejsze informacje o zasadach przetwarzania przez nas Twoich danych osobowych oraz plikach cookies, kt\u00f3re s\u0105 wykorzystywane przez nasz Sklep. Informacje te zosta\u0142y przygotowane z uwzgl\u0119dnieniem RODO, czyli og\u00f3lnego rozporz\u0105dzenia o ochronie danych.<\/p><h6>ADMINISTRATOR DANYCH OSOBOWYCH<\/h6><p>OCH! CIAO BELLA SP\u00d3\u0141KA Z OGRANICZON\u0104 ODPOWIEDZIALNO\u015aCI\u0104 z siedzib\u0105 pod adresem Aleja Niepodleg\u0142o\u015bci<\/p><p>235\/237\/60, 02-009 Warszawa, wpisana do Krajowego Rejestru S\u0105dowego \u2013 rejestru przedsi\u0119biorc\u00f3w przez S\u0104D<\/p><p>REJONOWY DLA M.ST.WARSZAWY W WARSZAWIE,XII WYDZIA\u0141 GOSPODARCZY KRAJOWEGO REJESTRU S\u0104DOWEGO, pod nr KRS 0000843842, NIP 5272928204, nr REGON 38617505100000, kapita\u0142 zak\u0142adowy 5000,00 z\u0142.<\/p><p>Je\u015bli chcesz skontaktowa\u0107 si\u0119 z nami w zwi\u0105zku z przetwarzaniem przez nas Twoich danych osobowych, napisz do nas na adres e-mail: kontakt@ciaobella.com.pl.<\/p><h6>TWOJE UPRAWNIENIA<\/h6><p>Przys\u0142uguje Ci prawo \u017c\u0105dania:<\/p><p>dost\u0119pu do Twoich danych osobowych, w tym uzyskania kopii Twoich danych (art. 15 RODO lub \u2013 je\u015bli ma to zastosowanie \u2013 art. 13 ust. 1 lit. f RODO), ich sprostowania (art. 16 RODO), usuni\u0119cia (art. 17 RODO), ograniczenia przetwarzania (art. 18 RODO), przeniesienia danych do innego administratora (art. 20 RODO).<\/p><p>A tak\u017ce prawo:<\/p><p>wniesienia w dowolnym momencie sprzeciwu wobec przetwarzania Twoich danych:<\/p><p>z przyczyn zwi\u0105zanych z Twoj\u0105 szczeg\u00f3ln\u0105 sytuacj\u0105 \u2013 wobec przetwarzania dotycz\u0105cych Ciebie danych osobowych, opartego na art. 6 ust. 1 lit. f RODO (tj. na realizowanych przez nas prawnie uzasadnionych interesach), w tym profilowania (art. 21 ust. 1 RODO); \u00a0je\u017celi dane osobowe s\u0105 przetwarzane na potrzeby marketingu bezpo\u015bredniego, w tym profilowania, w zakresie, w jakim przetwarzanie jest zwi\u0105zane z takim marketingiem bezpo\u015brednim (art. 21 ust. 2 RODO).<\/p><p>Skontaktuj si\u0119 z nami, je\u015bli chcesz skorzysta\u0107 ze swoich praw. Sprzeciw w odniesieniu do wykorzystywania przez nas plik\u00f3w cookies (o kt\u00f3rych przeczytasz poni\u017cej) mo\u017cesz wyrazi\u0107 zw\u0142aszcza za pomoc\u0105 odpowiednich ustawie\u0144 przegl\u0105darki.<\/p><p>Je\u015bli uznasz, \u017ce Twoje dane s\u0105 przetwarzane niezgodnie z prawem, mo\u017cesz z\u0142o\u017cy\u0107 skarg\u0119 do Prezesa Urz\u0119du Ochrony Danych Osobowych.<\/p><h6>DANE OSOBOWE I PRYWATNO\u015a\u0106<\/h6><p>Poni\u017cej znajdziesz szczeg\u00f3\u0142owe informacje na temat przetwarzania Twoich danych w zale\u017cno\u015bci od podejmowanych przez Ciebie dzia\u0142a\u0144.<\/p><h6>1. Z\u0142o\u017cenie zam\u00f3wienia w Sklepie<\/h6><table width=\"680\"><tbody><tr><td colspan=\"2\" width=\"680\"><strong>W jakim celu?<\/strong><\/td><\/tr><tr><td colspan=\"2\" width=\"680\">realizacja Twojego zam\u00f3wienia<\/td><\/tr><tr><td colspan=\"2\" width=\"680\"><strong>Na jakiej podstawie?<\/strong><\/td><\/tr><tr><td width=\"340\">umowa sprzeda\u017cy (art. 6 ust. 1 lit. b RODO)<\/td><td width=\"340\"><p>obowi\u0105zek prawny, zwi\u0105zany z rachunkowo\u015bci\u0105,<\/p><p>zobowi\u0105zuj\u0105cy nas do przetwarzania Twoich danych<\/p><p>osobowych (art. 6 ust. 1 lit. c RODO)<\/p><\/td><\/tr><tr><td colspan=\"2\" width=\"680\"><strong>Jak d\u0142ugo?<\/strong><\/td><\/tr><tr><td width=\"340\">przez okres obowi\u0105zywania wy\u017cej wymienionej umowy<\/td><td width=\"340\">do momentu wyga\u015bni\u0119cia ci\u0105\u017c\u0105cego na nas obowi\u0105zku prawnego, zwi\u0105zanego z rachunkowo\u015bci\u0105<\/td><\/tr><tr><td colspan=\"2\" width=\"680\"><p>ponadto, Twoje dane b\u0119d\u0105 przetwarzane do up\u0142ywu okresu, w kt\u00f3rym mo\u017cliwe jest dochodzenie roszcze\u0144 \u2013 przez Ciebie lub przez nas<\/p><p>(wi\u0119cej informacji na ten temat znajdziesz w ostatniej tabeli tej sekcji)<\/p><\/td><\/tr><tr><td colspan=\"2\" width=\"680\"><strong>Co si\u0119 stanie, je\u015bli nie podasz danych?<\/strong><\/td><\/tr><tr><td colspan=\"2\" width=\"680\">nie b\u0119dziesz mie\u0107 mo\u017cliwo\u015bci z\u0142o\u017cenia zam\u00f3wienia<\/td><\/tr><\/tbody><\/table><h6>2. Nawi\u0105zanie z nami kontaktu (np. w celu zadania pytania)<\/h6><table width=\"680\"><tbody><tr><td colspan=\"2\" width=\"680\"><strong>W jakim celu?<\/strong><\/td><\/tr><tr><td colspan=\"2\" width=\"680\">obs\u0142uga Twoich zapyta\u0144 lub zg\u0142osze\u0144<\/td><\/tr><tr><td colspan=\"2\" width=\"680\"><strong>Na jakiej podstawie?<\/strong><\/td><\/tr><tr><td width=\"340\"><p>umowa lub dzia\u0142ania podejmowane na Twoje \u017c\u0105danie,<\/p><p>zmierzaj\u0105ce do jej zawarcia (art. 6 ust. 1 lit. b RODO) \u2013 w<\/p><p>przypadku, gdy Twoje zapytanie lub zg\u0142oszenie dotyczy umowy, kt\u00f3rej jeste\u015bmy lub mo\u017cemy by\u0107 stron\u0105<\/p><\/td><td width=\"340\"><p>nasz prawnie uzasadniony interes, polegaj\u0105cy na<\/p><p>przetwarzaniu Twoich danych w celu prowadzenia z Tob\u0105 komunikacji (art. 6 ust. 1 lit. f RODO) \u2013 je\u017celi Twoje zapytanie lub zg\u0142oszenie nie ma zwi\u0105zku z umow\u0105<\/p><\/td><\/tr><tr><td colspan=\"2\" width=\"680\"><strong>Jak d\u0142ugo?<\/strong><\/td><\/tr><tr><td width=\"340\">przez czas trwania wi\u0105\u017c\u0105cej nas umowy lub \u2013 je\u015bli umowa nie zostanie zawarta \u2013 do up\u0142ywu okresu dochodzenia roszcze\u0144 \u2013 zobacz ostatni\u0105 tabel\u0119 tej sekcji*<\/td><td width=\"340\"><p>do up\u0142ywu okresu dochodzenia roszcze\u0144 \u2013 zobacz<\/p><p>ostatni\u0105 tabel\u0119 tej sekcji \u2013 lub do momentu, w kt\u00f3rym uwzgl\u0119dnimy Tw\u00f3j sprzeciw wobec przetwarzania*<\/p><\/td><\/tr><tr><td colspan=\"2\" width=\"680\"><p>ponadto, Twoje dane b\u0119d\u0105 przetwarzane do up\u0142ywu okresu, w kt\u00f3rym mo\u017cliwe jest dochodzenie roszcze\u0144 \u2013 przez Ciebie lub przez nas<\/p><p>(wi\u0119cej informacji na ten temat znajdziesz w ostatniej tabeli tej sekcji)<\/p><\/td><\/tr><tr><td colspan=\"2\" width=\"680\"><strong>Co si\u0119 stanie, je\u015bli nie podasz danych?<\/strong><\/td><\/tr><tr><td colspan=\"2\" width=\"680\">nie b\u0119dziemy mieli mo\u017cliwo\u015bci udzielenia odpowiedzi na Twoje zapytanie lub zg\u0142oszenie<\/td><\/tr><\/tbody><\/table><p>* w zale\u017cno\u015bci od tego, kt\u00f3re ma zastosowanie w danym przypadku i kt\u00f3re nast\u0105pi najwcze\u015bniej<\/p><h6>3. Ustawienia przegl\u0105darki lub inne zbli\u017cone dzia\u0142anie zezwalaj\u0105ce na prowadzenie dzia\u0142a\u0144 marketingowych<\/h6><table width=\"680\"><tbody><tr><td width=\"680\"><strong>W jakim celu?<\/strong><\/td><\/tr><tr><td width=\"680\"><p>marketing bezpo\u015bredni, polegaj\u0105cy na wy\u015bwietlaniu spersonalizowanych reklam<\/p><p>(wi\u0119cej na ten temat przeczytasz w sekcji \u201eProfilowanie\u201d i \u201ePliki cookies\u201d Polityki prywatno\u015bci).<\/p><\/td><\/tr><tr><td width=\"680\"><strong>Na jakiej podstawie?<\/strong><\/td><\/tr><tr><td width=\"680\">nasz prawnie uzasadniony interes, polegaj\u0105cy na przetwarzaniu danych w podanym wy\u017cej celu (art. 6 ust. 1 lit. f RODO)<\/td><\/tr><tr><td width=\"680\"><strong>Jak d\u0142ugo?<\/strong><\/td><\/tr><tr><td width=\"680\">do momentu wyga\u015bni\u0119cia wa\u017cno\u015bci lub usuni\u0119cia przez Ciebie plik\u00f3w cookies, wykorzystywanych do cel\u00f3w marketingowych*<\/td><\/tr><tr><td width=\"680\"><strong>Co si\u0119 stanie, je\u015bli nie podasz danych?<\/strong><\/td><\/tr><tr><td width=\"680\">nie b\u0119dziesz otrzymywa\u0107 sugestii produkt\u00f3w lub us\u0142ug, kt\u00f3rymi mo\u017cesz by\u0107 zainteresowany<\/td><\/tr><\/tbody><\/table><p>* w zale\u017cno\u015bci od tego, kt\u00f3re ma zastosowanie w danym przypadku i kt\u00f3re nast\u0105pi najwcze\u015bniej<\/p><h6>4. Ustawienia przegl\u0105darki lub inne zbli\u017cone dzia\u0142anie zezwalaj\u0105ce na prowadzenie dzia\u0142a\u0144 analitycznych<\/h6><table width=\"680\"><tbody><tr><td width=\"680\"><strong>W jakim celu?<\/strong><\/td><\/tr><tr><td width=\"680\"><p>analiza sposobu korzystania i poruszania si\u0119 przez Ciebie po stronie internetowej Sklepu, celem dostosowania strony do potrzeb i zachowania U\u017cytkownik\u00f3w<\/p><p>(wi\u0119cej na ten temat przeczytasz w sekcji \u201eDzia\u0142ania analityczne\u201d i \u201ePliki cookies\u201d Polityki prywatno\u015bci)<\/p><\/td><\/tr><tr><td width=\"680\"><strong>Na jakiej podstawie?<\/strong><\/td><\/tr><tr><td width=\"680\">nasz prawnie uzasadniony interes, polegaj\u0105cy na przetwarzaniu danych w podanym wy\u017cej celu (art. 6 ust. 1 lit. f RODO)<\/td><\/tr><tr><td width=\"680\"><strong>Jak d\u0142ugo?<\/strong><\/td><\/tr><tr><td width=\"680\">do momentu wyga\u015bni\u0119cia wa\u017cno\u015bci lub usuni\u0119cia przez Ciebie plik\u00f3w cookies, wykorzystywanych do cel\u00f3w analitycznych*<\/td><\/tr><tr><td width=\"680\"><strong>Co si\u0119 stanie, je\u015bli nie podasz danych?<\/strong><\/td><\/tr><tr><td width=\"680\">nie uwzgl\u0119dnimy Twoich preferencji dotycz\u0105cych korzystania ze Sklepu w pracach nad jego rozwojem<\/td><\/tr><\/tbody><\/table><p>* w zale\u017cno\u015bci od tego, kt\u00f3re ma zastosowanie w danym przypadku i kt\u00f3re nast\u0105pi najwcze\u015bniej<\/p><h6>5. Wyra\u017cenie przez Ciebie zgody na otrzymywanie od nas tre\u015bci marketingowych (np. informacji o ofertach specjalnych)<\/h6><p><strong>W jakim celu?<\/strong><\/p><table width=\"680\"><tbody><tr><td width=\"680\">wysy\u0142ka informacji marketingowych, zw\u0142aszcza ofert specjalnych<\/td><\/tr><tr><td width=\"680\"><strong>Na jakiej podstawie?<\/strong><\/td><\/tr><tr><td width=\"680\">Twoja zgoda na nasze dzia\u0142ania marketingowe (art. 6 ust. 1 lit. a RODO)<\/td><\/tr><tr><td width=\"680\"><strong>Jak d\u0142ugo?<\/strong><\/td><\/tr><tr><td width=\"680\">do momentu wycofania przez Ciebie zgody \u2013 pami\u0119taj, w ka\u017cdej chwili mo\u017cesz wycofa\u0107 zgod\u0119. Przetwarzanie danych do momentu cofni\u0119cia przez Ciebie zgody pozostaje zgodne z prawem.<\/td><\/tr><tr><td width=\"680\"><p>ponadto, Twoje dane b\u0119d\u0105 przetwarzane do up\u0142ywu okresu, w kt\u00f3rym mo\u017cliwe jest dochodzenie roszcze\u0144 \u2013 przez Ciebie lub przez nas<\/p><p>(wi\u0119cej informacji na ten temat znajdziesz w ostatniej tabeli tej sekcji)<\/p><\/td><\/tr><tr><td width=\"680\"><strong>Co si\u0119 stanie, je\u015bli nie podasz danych?<\/strong><\/td><\/tr><tr><td width=\"680\">nie b\u0119dziesz otrzymywa\u0107 naszych materia\u0142\u00f3w marketingowych, w tym informacji o naszych ofertach specjalnych<\/td><\/tr><\/tbody><\/table><h6>6. Subskrypcja newslettera<\/h6><table width=\"680\"><tbody><tr><td width=\"680\"><strong>W jakim celu?<\/strong><\/td><\/tr><tr><td width=\"680\">wysy\u0142anie newslettera<\/td><\/tr><tr><td width=\"680\"><strong>Na jakiej podstawie?<\/strong><\/td><\/tr><tr><td width=\"680\">umowa o \u015bwiadczenie us\u0142ugi wysy\u0142ki newslettera (art. 6 ust. 1 lit. b RODO)<\/td><\/tr><tr><td width=\"680\"><strong>Jak d\u0142ugo?<\/strong><\/td><\/tr><tr><td width=\"680\">do momentu, w kt\u00f3rym wypiszesz si\u0119 z naszego newslettera<\/td><\/tr><tr><td width=\"680\"><p>ponadto, Twoje dane b\u0119d\u0105 przetwarzane do up\u0142ywu okresu, w kt\u00f3rym mo\u017cliwe jest dochodzenie roszcze\u0144 \u2013 przez Ciebie lub przez nas<\/p><p>(wi\u0119cej informacji na ten temat znajdziesz w ostatniej tabeli tej sekcji)<\/p><\/td><\/tr><tr><td width=\"680\"><strong>Co si\u0119 stanie, je\u015bli nie podasz danych?<\/strong><\/td><\/tr><tr><td width=\"680\">nie b\u0119dziesz mie\u0107 mo\u017cliwo\u015bci otrzymywania informacji dotycz\u0105cych Sklepu i naszych us\u0142ug<\/td><\/tr><\/tbody><\/table><h6>7. Podj\u0119cie dzia\u0142ania lub zaniechanie mog\u0105ce powodowa\u0107 powstanie roszcze\u0144 zwi\u0105zanych ze Sklepem lub naszymi us\u0142ugami<\/h6><table width=\"680\"><tbody><tr><td width=\"680\"><strong>W jakim celu?<\/strong><\/td><\/tr><tr><td width=\"680\">ustalenie, dochodzenie lub obrona ewentualnych roszcze\u0144, zwi\u0105zanych z zawart\u0105 umow\u0105 lub \u015bwiadczonymi us\u0142ugami<\/td><\/tr><tr><td width=\"680\"><strong>Na jakiej podstawie?<\/strong><\/td><\/tr><tr><td width=\"680\">nasz prawnie uzasadniony interes, polegaj\u0105cy na przetwarzaniu danych osobowych we wskazanym powy\u017cej celu (art. 6 ust. 1 lit. f RODO)<\/td><\/tr><tr><td width=\"680\"><strong>Jak d\u0142ugo?<\/strong><\/td><\/tr><tr><td width=\"680\">do up\u0142ywu okresu przedawnienia roszcze\u0144 lub do momentu, w kt\u00f3rym uwzgl\u0119dnimy Tw\u00f3j sprzeciw wobec przetwarzania*<\/td><\/tr><tr><td width=\"680\"><strong>Co si\u0119 stanie, je\u015bli nie podasz danych?<\/strong><\/td><\/tr><\/tbody><\/table><p>brak mo\u017cliwo\u015bci ustalenia, dochodzenia lub obrony roszcze\u0144<\/p><p>* w zale\u017cno\u015bci od tego, kt\u00f3re ma zastosowanie w danym przypadku i kt\u00f3re nast\u0105pi najwcze\u015bniej<\/p><h6>PUBLIKOWANIE DANYCH<\/h6><p>Je\u015bli zdecydujesz si\u0119 na opublikowanie komentarza, jego tre\u015b\u0107 oraz Tw\u00f3j podpis b\u0119d\u0105 widoczne dla innych u\u017cytkownik\u00f3w Sklepu.<\/p><p>Nie ujawniamy innym u\u017cytkownikom Twojego adresu e-mail \u2013 chyba \u017ce sam to zrobisz.<\/p><h6>PROFILOWANIE<\/h6><p>W ramach Sklepu dokonujemy profilowania \u2013 w odniesieniu do Ciebie b\u0119dzie to mia\u0142o miejsce, je\u015bli zezwolisz na takie dzia\u0142ania. Profilowanie to polega na automatycznej ocenie, jakimi produktami lub us\u0142ugami mo\u017cesz by\u0107 zainteresowany, wykorzystuj\u0105c do tego informacje o wy\u015bwietlanych przez Ciebie tre\u015bciach. Dzi\u0119ki temu, reklamy produkt\u00f3w lub us\u0142ug wy\u015bwietlane w ramach us\u0142ug internetowych, z kt\u00f3rych korzystasz, b\u0119d\u0105 bardziej dostosowane do Ciebie i Twoich potrzeb.<\/p><p>Profilowanie, kt\u00f3rego dokonujemy, nie skutkuje podejmowaniem decyzji wywo\u0142uj\u0105cych wobec Ciebie skutki prawne lub wp\u0142ywaj\u0105cych na Ciebie w podobnie istotny spos\u00f3b.<\/p><h6>DZIA\u0141ANIA ANALITYCZNE<\/h6><p>W ramach Sklepu prowadzimy dzia\u0142ania analityczne, maj\u0105ce na celu zwi\u0119kszenie jego intuicyjno\u015bci i przyst\u0119pno\u015bci \u2013 w odniesieniu do Ciebie b\u0119dzie to mia\u0142o miejsce, je\u015bli zezwolisz na takie dzia\u0142ania. W ramach analizy b\u0119dziemy bra\u0107 pod uwag\u0119 spos\u00f3b, w jaki poruszasz si\u0119 po Sklepie \u2013 a wi\u0119c np. to, ile czasu sp\u0119dzasz na danej podstronie, czy w kt\u00f3re miejsca w Sklepie klikasz. Dzi\u0119ki temu mo\u017cemy dostosowa\u0107 uk\u0142ad i wygl\u0105d Sklepu oraz zamieszczane w nim tre\u015bci do potrzeb U\u017cytkownik\u00f3w.<\/p><h6>BEZPIECZE\u0143STWO DANYCH<\/h6><p>Przetwarzaj\u0105c Twoje dane osobowe stosujemy \u015brodki organizacyjne i techniczne zgodne z w\u0142a\u015bciwymi przepisami prawa, w tym stosujemy szyfrowanie po\u0142\u0105czenia za pomoc\u0105 certyfikatu SSL.<\/p><h6>PLIKI COOKIES<\/h6><p>Nasz Sklep, jak wi\u0119kszo\u015b\u0107 witryn internetowych, korzysta z tzw. plik\u00f3w cookies (ciasteczek). Pliki te:<\/p><p>s\u0105 zapisywane w pami\u0119ci Twojego urz\u0105dzenia (komputera, telefonu, itd.); nie powoduj\u0105 zmian w ustawieniach Twojego urz\u0105dzenia.<\/p><p>W tym Sklepie ciasteczka wykorzystywane s\u0105 w celach:<\/p><p>statystycznych marketingowych<\/p><p>Aby dowiedzie\u0107 si\u0119, jak zarz\u0105dza\u0107 plikami cookies, w tym jak wy\u0142\u0105czy\u0107 ich obs\u0142ug\u0119 w Twojej przegl\u0105darce, mo\u017cesz skorzysta\u0107 z pliku pomocy Twojej przegl\u0105darki. Z informacjami na ten temat mo\u017cesz zapozna\u0107 si\u0119 wciskaj\u0105c klawisz F1 w przegl\u0105darce. Ponadto odpowiednie wskaz\u00f3wki znajdziesz na nast\u0119puj\u0105cych podstronach, w zale\u017cno\u015bci od przegl\u0105darki, kt\u00f3rej u\u017cywasz:<\/p><p><a href=\"https:\/\/support.mozilla.org\/pl\/kb\/wzmocniona-ochrona-przed-sledzeniem-firefox-desktop?redirectlocale=pl&amp;redirectslug=W%C5%82%C4%85czanie+i+wy%C5%82%C4%85czanie+obs%C5%82ugi+ciasteczek\">Firefox<\/a><\/p><p><a href=\"https:\/\/support.google.com\/chrome\/answer\/95647?hl=pl\">Chrome<\/a><\/p><p><a href=\"https:\/\/support.apple.com\/pl-pl\/guide\/safari\/sfri11471\/mac\">Safari<\/a><\/p><p><a href=\"https:\/\/support.microsoft.com\/pl-pl\/help\/4468242\/microsoft-edge-browsing-data-and-privacy\">Internet Explorer \/ Microsoft Edge<\/a><\/p><p>Poni\u017cej znajdziesz informacje na temat funkcji przetwarzanych przez nas plik\u00f3w cookie oraz ich okresie wa\u017cno\u015bci.<\/p><table width=\"680\"><tbody><tr><td width=\"140\"><strong>nazwa pliku cookie<\/strong><\/td><td width=\"143\"><p><strong>okres wa\u017cno\u015bci<\/strong><\/p><p><strong>pliku cookie<\/strong><\/p><\/td><td width=\"397\"><strong>funkcja pliku cookie<\/strong><\/td><\/tr><tr><td width=\"140\">wc_cart_hash#<\/td><td width=\"143\">3 miesi\u0105ce<\/td><td width=\"397\">dotyczy obiektu dodanego koszyka<\/td><\/tr><tr><td width=\"140\">wc_fragments_#<\/td><td width=\"143\">czas trwania sesji<\/td><td width=\"397\">Ten plik cookie s\u0142u\u017cy do zarz\u0105dzania pobieraniem produkt\u00f3w i\/lub pro\u015bbami o wsparcie produktu na naszej stronie internetowej.<\/td><\/tr><tr><td width=\"140\">_ga<\/td><td width=\"143\">399 dni<\/td><td width=\"397\">\u015bledzenie ruchu na stronie jakie aktywno\u015bci podejmuje klient<\/td><\/tr><tr><td width=\"140\">_ga_#<\/td><td width=\"143\">399 dni<\/td><td width=\"397\">u\u017cywane przez GOOGLE ANALYTICS aby okre\u015bli\u0107 ilo\u015b\u0107 wizyt na stronie u\u017cytkownika, najcz\u0119stsze wizyty jak i pierwsz\u0105 oraz ostatni\u0105<\/td><\/tr><tr><td width=\"140\">_fbp<\/td><td width=\"143\">3 miesi\u0105ce<\/td><td width=\"397\">wykorzystywane przez Facebooka w celu proponowania dopasowanych reklam w czasie rzeczywistym<\/td><\/tr><\/tbody><\/table><p>Korzystaj\u0105c z odpowiednich opcji Twojej przegl\u0105darki, w ka\u017cdej chwili mo\u017cesz:<\/p><p>usun\u0105\u0107 pliki cookies, blokowa\u0107 wykorzystanie plik\u00f3w cookies w przysz\u0142o\u015bci.<\/p><p>W takich przypadkach nie b\u0119dziemy ich ju\u017c d\u0142u\u017cej przetwarza\u0107.<\/p><p>Wi\u0119cej informacji o plikach cookies znajdziesz w <a href=\"https:\/\/pl.wikipedia.org\/wiki\/HTTP_cookie\">Wikipedii<\/a>.<\/p><h6>US\u0141UGI ZEWN\u0118TRZNE \/ ODBIORCY DANYCH<\/h6><p>Korzystamy z us\u0142ug podmiot\u00f3w zewn\u0119trznych, kt\u00f3re wspieraj\u0105 nas w prowadzeniu dzia\u0142alno\u015bci. Powierzamy im do przetwarzania Twoje dane \u2013 podmioty te przetwarzaj\u0105 dane wy\u0142\u0105cznie na nasze udokumentowane polecenie.<\/p><p>Poni\u017cej znajdziesz list\u0119 odbiorc\u00f3w Twoich danych:<\/p><table width=\"680\"><tbody><tr><td width=\"230\"><strong>DZIA\u0141ANIE<\/strong><\/td><td width=\"282\"><strong>ODBIORCY DANYCH<\/strong><\/td><td width=\"167\"><p><strong>PRZEKAZANIE DANYCH<\/strong><\/p><p><strong>POZA UNI\u0118<\/strong><\/p><p><strong>EUROPEJSK\u0104<\/strong><\/p><\/td><\/tr><tr><td rowspan=\"2\" width=\"230\"><p><strong>ka\u017cde dzia\u0142anie w zwi\u0105zku ze<\/strong><\/p><p><strong>Sklepem<\/strong><\/p><\/td><td width=\"282\">podmiot zapewniaj\u0105cy nam wsparcie techniczne\/IT<\/td><td width=\"167\">nie ma miejsca<\/td><\/tr><tr><td width=\"282\"><p>osoby wsp\u00f3\u0142pracuj\u0105ce z nami na podstawie<\/p><p>um\u00f3w cywilnoprawnych, wspieraj\u0105ce nasz\u0105<\/p><p>bie\u017c\u0105c\u0105 dzia\u0142alno\u015b\u0107<\/p><\/td><td width=\"167\">nie ma miejsca<\/td><\/tr><tr><td width=\"230\"><p><strong>przebywanie na stronie Sklepu z<\/strong><\/p><p><strong>ustawieniami zezwalaj\u0105cymi na prowadzenie dzia\u0142a\u0144<\/strong><\/p><p><strong>marketingowych<\/strong><\/p><\/td><td width=\"282\">podmiot zapewniaj\u0105cy us\u0142ugi marketingowe<\/td><td width=\"167\">nie ma miejsca<\/td><\/tr><tr><td width=\"230\"><p><strong>przebywanie na stronie Sklepu z<\/strong><\/p><p><strong>ustawieniami zezwalaj\u0105cymi na prowadzenie dzia\u0142a\u0144 analitycznych<\/strong><\/p><\/td><td width=\"282\">podmiot umo\u017cliwiaj\u0105cy dzia\u0142ania analityczne na stronie<\/td><td width=\"167\">nie ma miejsca<\/td><\/tr><tr><td rowspan=\"5\" width=\"230\"><strong>z\u0142o\u017cenie zam\u00f3wienia w Sklepie<\/strong><\/td><td width=\"282\">dostawca p\u0142atno\u015bci<\/td><td width=\"167\">nie ma miejsca<\/td><\/tr><tr><td width=\"282\">podmiot zapewniaj\u0105cy dostaw\u0119 towaru<\/td><td width=\"167\">nie ma miejsca<\/td><\/tr><tr><td width=\"282\"><p>dostawca oprogramowania u\u0142atwiaj\u0105cego prowadzenie dzia\u0142alno\u015bci (np. oprogramowanie<\/p><p>ksi\u0119gowe)<\/p><\/td><td width=\"167\">nie ma miejsca<\/td><\/tr><tr><td width=\"282\"><p>dostawca standardowego oprogramowania biurowego (w tym skrzynki poczty<\/p><p>elektronicznej)<\/p><\/td><td width=\"167\">nie ma miejsca<\/td><\/tr><tr><td width=\"282\">biuro rachunkowe<\/td><td width=\"167\">nie ma miejsca<\/td><\/tr><tr><td width=\"230\"><p><strong>zapis na newsletter lub<\/strong><\/p><p><strong>wyra\u017cenie zgody na przesy\u0142anie wiadomo\u015bci marketingowych<\/strong><\/p><\/td><td width=\"282\">podmiot zapewniaj\u0105cy wysy\u0142k\u0119 newslettera lub wiadomo\u015bci marketingowych<\/td><td width=\"167\">nie ma miejsca<\/td><\/tr><tr><td width=\"230\"><strong>nawi\u0105zanie z nami kontaktu (np. zadanie pytania)<\/strong><\/td><td width=\"282\"><p>dostawca standardowego oprogramowania biurowego (w tym skrzynki poczty<\/p><p>elektronicznej)<\/p><\/td><td width=\"167\">nie ma miejsca<\/td><\/tr><\/tbody><\/table><p>A ponadto:<\/p><p>odpowiednie organy publiczne w zakresie, w jakim jeste\u015bmy zobowi\u0105zani do udost\u0119pnienia im danych.<\/p><\/div><\/div><\/div>\t\t\t\t\t\t\t\t<\/div>\n\t\t\t\t<\/div>\n\t\t\t\t\t<\/div>\n\t\t<\/div>\n\t\t\t\t\t<\/div>\n\t\t<\/section>\n\t\t\t\t<\/div>\n\t\t","protected":false},"excerpt":{"rendered":"<p>polityka prywatno\u015bci Polityka prywatno\u015bci z dnia 06.12.2022. Numer licencji nadanej przez Kreator Legal Geek: 28362cb3-2f64-4819-9588-102b65bee984 Polityka prywatno\u015bci Sklepu Oh Ciao Bella https:\/\/ciaobella.com.pl\/\u00a0(\u201eSklep\u201d) Drogi U\u017cytkowniku! Dbamy o Twoj\u0105 prywatno\u015b\u0107 i chcemy, aby\u015b w czasie korzystania z naszych us\u0142ug czu\u0142 si\u0119 komfortowo. Dlatego te\u017c poni\u017cej prezentujemy Ci najwa\u017cniejsze informacje o zasadach przetwarzania przez nas Twoich danych osobowych [&hellip;]<\/p>\n","protected":false},"author":1,"featured_media":0,"parent":0,"menu_order":0,"comment_status":"closed","ping_status":"closed","template":"","meta":{"_monsterinsights_skip_tracking":false,"_monsterinsights_sitenote_active":false,"_monsterinsights_sitenote_note":"","_monsterinsights_sitenote_category":0,"footnotes":""},"class_list":["post-3","page","type-page","status-publish","hentry"],"_links":{"self":[{"href":"https:\/\/ciaobella.com.pl\/index.php\/wp-json\/wp\/v2\/pages\/3","targetHints":{"allow":["GET"]}}],"collection":[{"href":"https:\/\/ciaobella.com.pl\/index.php\/wp-json\/wp\/v2\/pages"}],"about":[{"href":"https:\/\/ciaobella.com.pl\/index.php\/wp-json\/wp\/v2\/types\/page"}],"author":[{"embeddable":true,"href":"https:\/\/ciaobella.com.pl\/index.php\/wp-json\/wp\/v2\/users\/1"}],"replies":[{"embeddable":true,"href":"https:\/\/ciaobella.com.pl\/index.php\/wp-json\/wp\/v2\/comments?post=3"}],"version-history":[{"count":17,"href":"https:\/\/ciaobella.com.pl\/index.php\/wp-json\/wp\/v2\/pages\/3\/revisions"}],"predecessor-version":[{"id":1999,"href":"https:\/\/ciaobella.com.pl\/index.php\/wp-json\/wp\/v2\/pages\/3\/revisions\/1999"}],"wp:attachment":[{"href":"https:\/\/ciaobella.com.pl\/index.php\/wp-json\/wp\/v2\/media?parent=3"}],"curies":[{"name":"wp","href":"https:\/\/api.w.org\/{rel}","templated":true}]}}