{"id":1516,"date":"2023-03-15T16:35:41","date_gmt":"2023-03-15T16:35:41","guid":{"rendered":"https:\/\/ciaobella.com.pl\/?page_id=1516"},"modified":"2024-11-26T09:05:49","modified_gmt":"2024-11-26T09:05:49","slug":"o-nas","status":"publish","type":"page","link":"https:\/\/ciaobella.com.pl\/index.php\/o-nas\/","title":{"rendered":"O Nas"},"content":{"rendered":"\t\t<div data-elementor-type=\"wp-page\" data-elementor-id=\"1516\" class=\"elementor elementor-1516\" data-elementor-post-type=\"page\">\n\t\t\t\t\t\t<section class=\"elementor-section elementor-top-section elementor-element elementor-element-861237b elementor-section-boxed elementor-section-height-default elementor-section-height-default\" data-id=\"861237b\" data-element_type=\"section\">\n\t\t\t\t\t\t<div class=\"elementor-container elementor-column-gap-default\">\n\t\t\t\t\t<div class=\"elementor-column elementor-col-100 elementor-top-column elementor-element elementor-element-9d6a6c5\" data-id=\"9d6a6c5\" data-element_type=\"column\">\n\t\t\t<div class=\"elementor-widget-wrap elementor-element-populated\">\n\t\t\t\t\t\t<div class=\"elementor-element elementor-element-b61df28 elementor-widget elementor-widget-heading\" data-id=\"b61df28\" data-element_type=\"widget\" data-widget_type=\"heading.default\">\n\t\t\t\t<div class=\"elementor-widget-container\">\n\t\t\t\t\t<h2 class=\"elementor-heading-title elementor-size-default\">o nas<\/h2>\t\t\t\t<\/div>\n\t\t\t\t<\/div>\n\t\t\t\t\t<\/div>\n\t\t<\/div>\n\t\t\t\t\t<\/div>\n\t\t<\/section>\n\t\t\t\t<section class=\"elementor-section elementor-top-section elementor-element elementor-element-4711d37 elementor-section-boxed elementor-section-height-default elementor-section-height-default\" data-id=\"4711d37\" data-element_type=\"section\">\n\t\t\t\t\t\t<div class=\"elementor-container elementor-column-gap-default\">\n\t\t\t\t\t<div class=\"elementor-column elementor-col-50 elementor-top-column elementor-element elementor-element-483a79b\" data-id=\"483a79b\" data-element_type=\"column\">\n\t\t\t<div class=\"elementor-widget-wrap elementor-element-populated\">\n\t\t\t\t\t\t<div class=\"elementor-element elementor-element-c03e1a1 elementor-widget elementor-widget-image\" data-id=\"c03e1a1\" data-element_type=\"widget\" data-widget_type=\"image.default\">\n\t\t\t\t<div class=\"elementor-widget-container\">\n\t\t\t\t\t\t\t\t\t\t\t\t\t\t\t<img fetchpriority=\"high\" decoding=\"async\" width=\"768\" height=\"893\" src=\"https:\/\/ciaobella.com.pl\/wp-content\/uploads\/2024\/11\/IMG_6198-scaled-e1732611832604-768x893.jpg\" class=\"attachment-medium_large size-medium_large wp-image-3557\" alt=\"\" srcset=\"https:\/\/ciaobella.com.pl\/wp-content\/uploads\/2024\/11\/IMG_6198-scaled-e1732611832604-768x893.jpg 768w, https:\/\/ciaobella.com.pl\/wp-content\/uploads\/2024\/11\/IMG_6198-scaled-e1732611832604-258x300.jpg 258w, https:\/\/ciaobella.com.pl\/wp-content\/uploads\/2024\/11\/IMG_6198-scaled-e1732611832604-880x1024.jpg 880w, https:\/\/ciaobella.com.pl\/wp-content\/uploads\/2024\/11\/IMG_6198-scaled-e1732611832604-1320x1536.jpg 1320w, https:\/\/ciaobella.com.pl\/wp-content\/uploads\/2024\/11\/IMG_6198-scaled-e1732611832604-600x698.jpg 600w, https:\/\/ciaobella.com.pl\/wp-content\/uploads\/2024\/11\/IMG_6198-scaled-e1732611832604.jpg 1683w\" sizes=\"(max-width: 768px) 100vw, 768px\" \/>\t\t\t\t\t\t\t\t\t\t\t\t\t\t\t<\/div>\n\t\t\t\t<\/div>\n\t\t\t\t\t<\/div>\n\t\t<\/div>\n\t\t\t\t<div class=\"elementor-column elementor-col-50 elementor-top-column elementor-element elementor-element-9a9db37\" data-id=\"9a9db37\" data-element_type=\"column\">\n\t\t\t<div class=\"elementor-widget-wrap elementor-element-populated\">\n\t\t\t\t\t\t<div class=\"elementor-element elementor-element-fa63e2d elementor-widget elementor-widget-text-editor\" data-id=\"fa63e2d\" data-element_type=\"widget\" data-widget_type=\"text-editor.default\">\n\t\t\t\t<div class=\"elementor-widget-container\">\n\t\t\t\t\t\t\t\t\t<p><span style=\"font-size: small;\"><i><b>Ciao Bella<\/b><\/i>\u00a0to marka, kt\u00f3ra celebruje kobieco\u015b\u0107, pasj\u0119 do mody i podr\u00f3\u017cy, tworz\u0105c ubrania pe\u0142ne blasku i charakteru. Powsta\u0142a z mi\u0142o\u015bci do jako\u015bci, stylu i <strong>\u017cycia w rytmie dolce vita.<\/strong> Od 2022 roku marka by\u0142a prowadzona przez siostry King\u0119 i Pamel\u0119, kt\u00f3re przeku\u0142y swoje do\u015bwiadczenia i inspiracje z podr\u00f3\u017cy w ubrania, kt\u00f3re dumnie mo\u017cesz nosi\u0107 na ulicach Pary\u017ca, Barcelony czy Nowego Jorku.<\/span><\/p><p><span style=\"font-size: small;\">Dzi\u015b Ciao Bella wkracza w now\u0105 er\u0119. Kinga kontynuuje rozw\u00f3j marki wraz z now\u0105 osob\u0105, kt\u00f3r\u0105 nazywamy pieszczotliwie \u201eCytrynk\u0105\u201d, a Pamela pozostaje ambasadork\u0105, wspieraj\u0105c misj\u0119 marki. Nasza filozofia opiera si\u0119 na tworzeniu ubra\u0144, kt\u00f3re podkre\u015blaj\u0105 wewn\u0119trzny blask ka\u017cdej kobiety, niezale\u017cnie od tego, gdzie jest i jak\u0105 \u015bcie\u017ck\u0105 pod\u0105\u017ca.<\/span><\/p><p><span style=\"font-size: small;\">Ciao Bella Premium\u00a0to nasza ekskluzywna linia, dzi\u0119ki kt\u00f3rej wsp\u00f3\u0142tworzymy z Wami unikalne produkty na indywidualne zam\u00f3wienie. Korzystamy wy\u0142\u0105cznie z najwy\u017cszej jako\u015bci materia\u0142\u00f3w, aby\u015b mog\u0142a czu\u0107 si\u0119 wyj\u0105tkowo w ka\u017cdej sytuacji.<\/span><\/p><p><span style=\"font-size: small;\">Tworzymy w Polsce, \u0142\u0105cz\u0105c luksusowy styl z lokalnym rzemios\u0142em. Ciao Bella to co\u015b wi\u0119cej ni\u017c moda \u2013 to spo\u0142eczno\u015b\u0107 Ciao Bella Girls pe\u0142ne \u015bwiat\u0142a, koloru i niepowtarzalnych chwil.\u00a0Ubierzemy Tw\u00f3j wewn\u0119trzny blask.<\/span><\/p><p><span style=\"font-size: small;\">Do\u0142\u0105cz do nas i powiedzmy wsp\u00f3lnie \u015bwiatu CIAO!<\/span><\/p>\t\t\t\t\t\t\t\t<\/div>\n\t\t\t\t<\/div>\n\t\t\t\t\t<\/div>\n\t\t<\/div>\n\t\t\t\t\t<\/div>\n\t\t<\/section>\n\t\t\t\t<\/div>\n\t\t","protected":false},"excerpt":{"rendered":"<p>o nas Ciao Bella\u00a0to marka, kt\u00f3ra celebruje kobieco\u015b\u0107, pasj\u0119 do mody i podr\u00f3\u017cy, tworz\u0105c ubrania pe\u0142ne blasku i charakteru. Powsta\u0142a z mi\u0142o\u015bci do jako\u015bci, stylu i \u017cycia w rytmie dolce vita. Od 2022 roku marka by\u0142a prowadzona przez siostry King\u0119 i Pamel\u0119, kt\u00f3re przeku\u0142y swoje do\u015bwiadczenia i inspiracje z podr\u00f3\u017cy w ubrania, kt\u00f3re dumnie mo\u017cesz [&hellip;]<\/p>\n","protected":false},"author":1,"featured_media":0,"parent":0,"menu_order":0,"comment_status":"closed","ping_status":"closed","template":"","meta":{"_monsterinsights_skip_tracking":false,"_monsterinsights_sitenote_active":false,"_monsterinsights_sitenote_note":"","_monsterinsights_sitenote_category":0,"footnotes":""},"class_list":["post-1516","page","type-page","status-publish","hentry"],"_links":{"self":[{"href":"https:\/\/ciaobella.com.pl\/index.php\/wp-json\/wp\/v2\/pages\/1516","targetHints":{"allow":["GET"]}}],"collection":[{"href":"https:\/\/ciaobella.com.pl\/index.php\/wp-json\/wp\/v2\/pages"}],"about":[{"href":"https:\/\/ciaobella.com.pl\/index.php\/wp-json\/wp\/v2\/types\/page"}],"author":[{"embeddable":true,"href":"https:\/\/ciaobella.com.pl\/index.php\/wp-json\/wp\/v2\/users\/1"}],"replies":[{"embeddable":true,"href":"https:\/\/ciaobella.com.pl\/index.php\/wp-json\/wp\/v2\/comments?post=1516"}],"version-history":[{"count":73,"href":"https:\/\/ciaobella.com.pl\/index.php\/wp-json\/wp\/v2\/pages\/1516\/revisions"}],"predecessor-version":[{"id":3569,"href":"https:\/\/ciaobella.com.pl\/index.php\/wp-json\/wp\/v2\/pages\/1516\/revisions\/3569"}],"wp:attachment":[{"href":"https:\/\/ciaobella.com.pl\/index.php\/wp-json\/wp\/v2\/media?parent=1516"}],"curies":[{"name":"wp","href":"https:\/\/api.w.org\/{rel}","templated":true}]}}